216.73.217.6 - - [14/May/2026:18:36:59 +0300] "GET /wp-includes/class-wp-image-editor-imagick.php HTTP/1.1" 500 - "-" "Mozilla/5.0 AppleWebKit/537.36 (KHTML, like Gecko; compatible; ClaudeBot/1.0; +claudebot@anthropic.com)"
216.73.217.6 - - [14/May/2026:18:36:59 +0300] "GET /wp-includes/class-avif-info.php HTTP/1.1" 200 - "-" "Mozilla/5.0 AppleWebKit/537.36 (KHTML, like Gecko; compatible; ClaudeBot/1.0; +claudebot@anthropic.com)"
216.73.217.6 - - [14/May/2026:18:37:00 +0300] "GET /wp-includes/class-wp-duotone.php HTTP/1.1" 200 - "-" "Mozilla/5.0 AppleWebKit/537.36 (KHTML, like Gecko; compatible; ClaudeBot/1.0; +claudebot@anthropic.com)"
216.73.217.6 - - [14/May/2026:18:37:01 +0300] "GET /wp-includes/class-wp-block-supports.php HTTP/1.1" 200 - "-" "Mozilla/5.0 AppleWebKit/537.36 (KHTML, like Gecko; compatible; ClaudeBot/1.0; +claudebot@anthropic.com)"
216.73.217.6 - - [14/May/2026:18:37:02 +0300] "GET /wp-includes/class-wp-image-editor-gd.php HTTP/1.1" 500 - "-" "Mozilla/5.0 AppleWebKit/537.36 (KHTML, like Gecko; compatible; ClaudeBot/1.0; +claudebot@anthropic.com)"
216.73.217.6 - - [14/May/2026:18:37:03 +0300] "GET /wp-includes/nav-menu.php HTTP/1.1" 200 - "-" "Mozilla/5.0 AppleWebKit/537.36 (KHTML, like Gecko; compatible; ClaudeBot/1.0; +claudebot@anthropic.com)"
216.73.217.6 - - [14/May/2026:18:37:04 +0300] "GET /wp-includes/class-wp-tax-query.php HTTP/1.1" 200 - "-" "Mozilla/5.0 AppleWebKit/537.36 (KHTML, like Gecko; compatible; ClaudeBot/1.0; +claudebot@anthropic.com)"
216.73.217.6 - - [14/May/2026:18:37:05 +0300] "GET /wp-includes/class-wp-widget-factory.php HTTP/1.1" 200 - "-" "Mozilla/5.0 AppleWebKit/537.36 (KHTML, like Gecko; compatible; ClaudeBot/1.0; +claudebot@anthropic.com)"
216.73.217.6 - - [14/May/2026:18:37:06 +0300] "GET /wp-includes/class-walker-page-dropdown.php HTTP/1.1" 500 - "-" "Mozilla/5.0 AppleWebKit/537.36 (KHTML, like Gecko; compatible; ClaudeBot/1.0; +claudebot@anthropic.com)"
216.73.217.6 - - [14/May/2026:18:37:06 +0300] "GET /wp-includes/pomo/ HTTP/1.1" 200 1741 "-" "Mozilla/5.0 AppleWebKit/537.36 (KHTML, like Gecko; compatible; ClaudeBot/1.0; +claudebot@anthropic.com)"
216.73.217.6 - - [14/May/2026:18:37:07 +0300] "GET /wp-includes/class-wp-metadata-lazyloader.php HTTP/1.1" 200 - "-" "Mozilla/5.0 AppleWebKit/537.36 (KHTML, like Gecko; compatible; ClaudeBot/1.0; +claudebot@anthropic.com)"
216.73.217.6 - - [14/May/2026:18:37:08 +0300] "GET /wp-includes/class-walker-category-dropdown.php HTTP/1.1" 500 - "-" "Mozilla/5.0 AppleWebKit/537.36 (KHTML, like Gecko; compatible; ClaudeBot/1.0; +claudebot@anthropic.com)"
216.73.217.6 - - [14/May/2026:18:37:09 +0300] "GET /wp-includes/ms-default-filters.php HTTP/1.1" 500 - "-" "Mozilla/5.0 AppleWebKit/537.36 (KHTML, like Gecko; compatible; ClaudeBot/1.0; +claudebot@anthropic.com)"
114.119.139.107 - - [14/May/2026:18:38:40 +0300] "GET /wp-includes/widgets/class-wp-widget-tag-cloud.php HTTP/1.1" 500 - "https://www.gdrex.com/wp-includes/widgets/?C=D%3BO%3DA" "Mozilla/5.0 (Linux; Android 7.0;) AppleWebKit/537.36 (HTML, like Gecko) Mobile Safari/537.36 (compatible; PetalBot;+https://webmaster.petalsearch.com/site/petalbot)"
114.119.151.185 - - [14/May/2026:18:40:34 +0300] "GET /wp-includes/customize/class-wp-customize-themes-panel.php HTTP/1.1" 500 - "https://www.gdrex.com/wp-includes/customize/?C=S%3BO%3DA" "Mozilla/5.0 (Linux; Android 7.0;) AppleWebKit/537.36 (HTML, like Gecko) Mobile Safari/537.36 (compatible; PetalBot;+https://webmaster.petalsearch.com/site/petalbot)"
216.73.217.6 - - [14/May/2026:18:41:46 +0300] "GET /wp-sitemap.xml HTTP/1.1" 200 447 "-" "Mozilla/5.0 AppleWebKit/537.36 (KHTML, like Gecko; compatible; ClaudeBot/1.0; +claudebot@anthropic.com)"
114.119.151.185 - - [14/May/2026:18:43:14 +0300] "GET /wp-includes/css/dist/widgets/style.css HTTP/1.1" 200 6135 "https://www.gdrex.com/wp-includes/css/dist/widgets/" "Mozilla/5.0 (Linux; Android 7.0;) AppleWebKit/537.36 (KHTML, like Gecko) Mobile Safari/537.36 (compatible; PetalBot;+https://webmaster.petalsearch.com/site/petalbot)"
114.119.139.107 - - [14/May/2026:18:46:13 +0300] "GET /wp-includes/css/dist/block-library/theme-rtl.css HTTP/1.1" 200 3023 "https://www.gdrex.com/wp-includes/css/dist/block-library/" "Mozilla/5.0 (Linux; Android 7.0;) AppleWebKit/537.36 (HTML, like Gecko) Mobile Safari/537.36 (compatible; PetalBot;+https://webmaster.petalsearch.com/site/petalbot)"
40.77.167.16 - - [14/May/2026:18:47:08 +0300] "GET /wp-sitemap.xml HTTP/1.1" 200 447 "-" "Mozilla/5.0 AppleWebKit/537.36 (KHTML, like Gecko; compatible; bingbot/2.0; +http://www.bing.com/bingbot.htm) Chrome/116.0.1938.76 Safari/537.36"
114.119.139.107 - - [14/May/2026:18:48:11 +0300] "GET /wp-includes/customize/class-wp-customize-nav-menu-locations-control.php HTTP/1.1" 500 - "https://www.gdrex.com/wp-includes/customize/?C=S%3BO%3DA" "Mozilla/5.0 (Linux; Android 7.0;) AppleWebKit/537.36 (KHTML, like Gecko) Mobile Safari/537.36 (compatible; PetalBot;+https://webmaster.petalsearch.com/site/petalbot)"
114.119.135.182 - - [14/May/2026:18:51:54 +0300] "GET /wp-includes/css/dist/block-library/common.css HTTP/1.1" 200 3849 "https://www.gdrex.com/wp-includes/css/dist/block-library/" "Mozilla/5.0 (Linux; Android 7.0;) AppleWebKit/537.36 (HTML, like Gecko) Mobile Safari/537.36 (compatible; PetalBot;+https://webmaster.petalsearch.com/site/petalbot)"
40.77.167.61 - - [14/May/2026:18:55:15 +0300] "GET /wp-content/uploads/2025/11/296c65f2500866cadd6ae98de06a70cf.png HTTP/1.1" 200 69531 "-" "Mozilla/5.0 AppleWebKit/537.36 (KHTML, like Gecko; compatible; bingbot/2.0; +http://www.bing.com/bingbot.htm) Chrome/116.0.1938.76 Safari/537.36"
114.119.159.254 - - [14/May/2026:18:57:29 +0300] "GET /wp-includes/css/wp-empty-template-alert.css HTTP/1.1" 200 465 "https://www.gdrex.com/wp-includes/css/?C=D%3BO%3DA" "Mozilla/5.0 (Linux; Android 7.0;) AppleWebKit/537.36 (HTML, like Gecko) Mobile Safari/537.36 (compatible; PetalBot;+https://webmaster.petalsearch.com/site/petalbot)"
114.119.139.107 - - [14/May/2026:18:59:11 +0300] "GET /wp-includes/class-wp-block.php HTTP/1.1" 200 - "https://www.gdrex.com/wp-includes/?C=S%3BO%3DA" "Mozilla/5.0 (Linux; Android 7.0;) AppleWebKit/537.36 (HTML, like Gecko) Mobile Safari/537.36 (compatible; PetalBot;+https://webmaster.petalsearch.com/site/petalbot)"
114.119.151.185 - - [14/May/2026:19:02:25 +0300] "GET /wp-includes/css/dist/block-editor/ HTTP/1.1" 200 2968 "https://www.gdrex.com/wp-includes/css/dist/?C=D%3BO%3DA" "Mozilla/5.0 (Linux; Android 7.0;) AppleWebKit/537.36 (KHTML, like Gecko) Mobile Safari/537.36 (compatible; PetalBot;+https://webmaster.petalsearch.com/site/petalbot)"
114.119.139.107 - - [14/May/2026:19:07:22 +0300] "GET /wp-includes/css/dist/block-library/elements-rtl.css HTTP/1.1" 200 39 "https://www.gdrex.com/wp-includes/css/dist/block-library/" "Mozilla/5.0 (Linux; Android 7.0;) AppleWebKit/537.36 (KHTML, like Gecko) Mobile Safari/537.36 (compatible; PetalBot;+https://webmaster.petalsearch.com/site/petalbot)"
43.167.241.46 - - [14/May/2026:19:08:21 +0300] "GET / HTTP/1.1" 200 11793 "http://www.gdrex.com" "Mozilla/5.0 (iPhone; CPU iPhone OS 13_2_3 like Mac OS X) AppleWebKit/605.1.15 (KHTML, like Gecko) Version/13.0.3 Mobile/15E148 Safari/604.1"
114.119.159.254 - - [14/May/2026:19:09:08 +0300] "GET /wp-includes/assets/?C=N%3BO%3DD HTTP/1.1" 200 2315 "https://www.gdrex.com/wp-includes/assets/?C=D%3BO%3DA" "Mozilla/5.0 (Linux; Android 7.0;) AppleWebKit/537.36 (KHTML, like Gecko) Mobile Safari/537.36 (compatible; PetalBot;+https://webmaster.petalsearch.com/site/petalbot)"
114.119.143.174 - - [14/May/2026:19:11:01 +0300] "GET /wp-includes/css/dist/edit-widgets/style-rtl.css HTTP/1.1" 200 23872 "https://www.gdrex.com/wp-includes/css/dist/edit-widgets/" "Mozilla/5.0 (Linux; Android 7.0;) AppleWebKit/537.36 (KHTML, like Gecko) Mobile Safari/537.36 (compatible; PetalBot;+https://webmaster.petalsearch.com/site/petalbot)"
114.119.139.107 - - [14/May/2026:19:12:27 +0300] "GET /wp-includes/customize/class-wp-customize-selective-refresh.php HTTP/1.1" 200 - "https://www.gdrex.com/wp-includes/customize/?C=S%3BO%3DA" "Mozilla/5.0 (Linux; Android 7.0;) AppleWebKit/537.36 (KHTML, like Gecko) Mobile Safari/537.36 (compatible; PetalBot;+https://webmaster.petalsearch.com/site/petalbot)"
114.119.135.182 - - [14/May/2026:19:14:54 +0300] "GET /wp-includes/SimplePie/src/XML/?C=M%3BO%3DA HTTP/1.1" 200 889 "https://www.gdrex.com/wp-includes/SimplePie/src/XML/" "Mozilla/5.0 (Linux; Android 7.0;) AppleWebKit/537.36 (KHTML, like Gecko) Mobile Safari/537.36 (compatible; PetalBot;+https://webmaster.petalsearch.com/site/petalbot)"
114.119.133.245 - - [14/May/2026:19:15:42 +0300] "GET /wp-includes/Requests/library/ HTTP/1.1" 200 882 "https://www.gdrex.com/wp-includes/Requests/" "Mozilla/5.0 (Linux; Android 7.0;) AppleWebKit/537.36 (KHTML, like Gecko) Mobile Safari/537.36 (compatible; PetalBot;+https://webmaster.petalsearch.com/site/petalbot)"
40.77.167.243 - - [14/May/2026:19:16:33 +0300] "GET /sitemap.xml.gz HTTP/1.1" 301 - "-" "Mozilla/5.0 AppleWebKit/537.36 (KHTML, like Gecko; compatible; bingbot/2.0; +http://www.bing.com/bingbot.htm) Chrome/116.0.1938.76 Safari/537.36"
40.77.167.243 - - [14/May/2026:19:16:45 +0300] "GET /wp-sitemap.xml HTTP/1.1" 200 447 "-" "Mozilla/5.0 AppleWebKit/537.36 (KHTML, like Gecko; compatible; bingbot/2.0; +http://www.bing.com/bingbot.htm) Chrome/116.0.1938.76 Safari/537.36"
114.119.159.254 - - [14/May/2026:19:17:10 +0300] "GET /wp-includes/Requests/?C=N%3BO%3DD HTTP/1.1" 200 1025 "https://www.gdrex.com/wp-includes/Requests/" "Mozilla/5.0 (Linux; Android 7.0;) AppleWebKit/537.36 (HTML, like Gecko) Mobile Safari/537.36 (compatible; PetalBot;+https://webmaster.petalsearch.com/site/petalbot)"
114.119.139.107 - - [14/May/2026:19:19:31 +0300] "GET /wp-includes/IXR/class-IXR-request.php HTTP/1.1" 200 - "https://www.gdrex.com/wp-includes/IXR/" "Mozilla/5.0 (Linux; Android 7.0;) AppleWebKit/537.36 (KHTML, like Gecko) Mobile Safari/537.36 (compatible; PetalBot;+https://webmaster.petalsearch.com/site/petalbot)"
114.119.129.97 - - [14/May/2026:19:20:59 +0300] "GET /wp-includes/certificates/?C=S%3BO%3DA HTTP/1.1" 200 866 "https://www.gdrex.com/wp-includes/certificates/?C=M%3BO%3DA" "Mozilla/5.0 (Linux; Android 7.0;) AppleWebKit/537.36 (HTML, like Gecko) Mobile Safari/537.36 (compatible; PetalBot;+https://webmaster.petalsearch.com/site/petalbot)"
114.119.143.174 - - [14/May/2026:19:22:43 +0300] "GET /wp-includes/SimplePie/src/XML/?C=D%3BO%3DA HTTP/1.1" 200 889 "https://www.gdrex.com/wp-includes/SimplePie/src/XML/" "Mozilla/5.0 (Linux; Android 7.0;) AppleWebKit/537.36 (KHTML, like Gecko) Mobile Safari/537.36 (compatible; PetalBot;+https://webmaster.petalsearch.com/site/petalbot)"
66.249.70.193 - - [14/May/2026:19:23:13 +0300] "GET /robots.txt HTTP/1.1" 200 114 "-" "Mozilla/5.0 (compatible; Googlebot/2.1; +http://www.google.com/bot.html)"
66.249.70.193 - - [14/May/2026:19:23:14 +0300] "GET /product/guilin_8663.html HTTP/1.1" 404 51378 "-" "Mozilla/5.0 (Linux; Android 6.0.1; Nexus 5X Build/MMB29P) AppleWebKit/537.36 (KHTML, like Gecko) Chrome/148.0.7778.96 Mobile Safari/537.36 (compatible; Googlebot/2.1; +http://www.google.com/bot.html)"
216.73.217.6 - - [14/May/2026:19:26:28 +0300] "GET /wp-includes/cache.php HTTP/1.1" 500 - "-" "Mozilla/5.0 AppleWebKit/537.36 (KHTML, like Gecko; compatible; ClaudeBot/1.0; +claudebot@anthropic.com)"
216.73.217.6 - - [14/May/2026:19:26:27 +0300] "GET /wp-includes/script-loader.php HTTP/1.1" 500 - "-" "Mozilla/5.0 AppleWebKit/537.36 (KHTML, like Gecko; compatible; ClaudeBot/1.0; +claudebot@anthropic.com)"
216.73.217.6 - - [14/May/2026:19:26:50 +0300] "GET /wp-includes/post.php HTTP/1.1" 200 - "-" "Mozilla/5.0 AppleWebKit/537.36 (KHTML, like Gecko; compatible; ClaudeBot/1.0; +claudebot@anthropic.com)"
216.73.217.6 - - [14/May/2026:19:26:50 +0300] "GET /wp-includes/block-editor.php HTTP/1.1" 200 - "-" "Mozilla/5.0 AppleWebKit/537.36 (KHTML, like Gecko; compatible; ClaudeBot/1.0; +claudebot@anthropic.com)"
216.73.217.6 - - [14/May/2026:19:27:31 +0300] "GET /wp-includes/class.wp-scripts.php HTTP/1.1" 500 - "-" "Mozilla/5.0 AppleWebKit/537.36 (KHTML, like Gecko; compatible; ClaudeBot/1.0; +claudebot@anthropic.com)"
216.73.217.6 - - [14/May/2026:19:27:31 +0300] "GET /wp-includes/rss.php HTTP/1.1" 500 - "-" "Mozilla/5.0 AppleWebKit/537.36 (KHTML, like Gecko; compatible; ClaudeBot/1.0; +claudebot@anthropic.com)"
216.73.217.6 - - [14/May/2026:19:27:39 +0300] "GET /wp-includes/shortcodes.php HTTP/1.1" 200 - "-" "Mozilla/5.0 AppleWebKit/537.36 (KHTML, like Gecko; compatible; ClaudeBot/1.0; +claudebot@anthropic.com)"
216.73.217.6 - - [14/May/2026:19:28:01 +0300] "GET /wp-includes/pluggable.php HTTP/1.1" 200 - "-" "Mozilla/5.0 AppleWebKit/537.36 (KHTML, like Gecko; compatible; ClaudeBot/1.0; +claudebot@anthropic.com)"
114.119.159.226 - - [14/May/2026:19:28:27 +0300] "GET /wp-includes/sodium_compat/src/Core32/?C=D%3BO%3DA HTTP/1.1" 200 4129 "https://www.gdrex.com/wp-includes/sodium_compat/src/Core32/" "Mozilla/5.0 (Linux; Android 7.0;) AppleWebKit/537.36 (KHTML, like Gecko) Mobile Safari/537.36 (compatible; PetalBot;+https://webmaster.petalsearch.com/site/petalbot)"
216.73.217.6 - - [14/May/2026:19:28:30 +0300] "GET /wp-includes/functions.php HTTP/1.1" 200 2 "-" "Mozilla/5.0 AppleWebKit/537.36 (KHTML, like Gecko; compatible; ClaudeBot/1.0; +claudebot@anthropic.com)"
216.73.217.6 - - [14/May/2026:19:28:34 +0300] "GET /wp-includes/feed.php HTTP/1.1" 200 - "-" "Mozilla/5.0 AppleWebKit/537.36 (KHTML, like Gecko; compatible; ClaudeBot/1.0; +claudebot@anthropic.com)"
216.73.217.6 - - [14/May/2026:19:28:54 +0300] "GET /wp-includes/block-patterns.php HTTP/1.1" 500 - "-" "Mozilla/5.0 AppleWebKit/537.36 (KHTML, like Gecko; compatible; ClaudeBot/1.0; +claudebot@anthropic.com)"
216.73.217.6 - - [14/May/2026:19:29:29 +0300] "GET /wp-includes/functions.wp-scripts.php HTTP/1.1" 200 - "-" "Mozilla/5.0 AppleWebKit/537.36 (KHTML, like Gecko; compatible; ClaudeBot/1.0; +claudebot@anthropic.com)"
216.73.217.6 - - [14/May/2026:19:29:36 +0300] "GET /wp-includes/widgets.php HTTP/1.1" 200 - "-" "Mozilla/5.0 AppleWebKit/537.36 (KHTML, like Gecko; compatible; ClaudeBot/1.0; +claudebot@anthropic.com)"
195.20.18.40 - - [14/May/2026:19:29:42 +0300] "GET /.well-known/acme-challenge/E4_7IJAYP5G48PKI0QOYF2SPCY95GUNF HTTP/1.1" 200 64 "-" "Cpanel-HTTP-Client/1.0"
195.20.18.40 - - [14/May/2026:19:29:43 +0300] "GET /.well-known/acme-challenge/L0UGYN649BICM-HGH_FGYO-XS_QHMUTQ HTTP/1.1" 200 64 "-" "Cpanel-HTTP-Client/1.0"
216.73.217.6 - - [14/May/2026:19:29:45 +0300] "GET /wp-includes/class-wp-http-encoding.php HTTP/1.1" 200 - "-" "Mozilla/5.0 AppleWebKit/537.36 (KHTML, like Gecko; compatible; ClaudeBot/1.0; +claudebot@anthropic.com)"
216.73.217.6 - - [14/May/2026:19:30:17 +0300] "GET /wp-includes/class-wp-http.php HTTP/1.1" 200 2 "-" "Mozilla/5.0 AppleWebKit/537.36 (KHTML, like Gecko; compatible; ClaudeBot/1.0; +claudebot@anthropic.com)"
216.73.217.6 - - [14/May/2026:19:31:18 +0300] "GET /wp-includes/css/ HTTP/1.1" 200 8770 "-" "Mozilla/5.0 AppleWebKit/537.36 (KHTML, like Gecko; compatible; ClaudeBot/1.0; +claudebot@anthropic.com)"
114.119.133.245 - - [14/May/2026:19:31:19 +0300] "GET /wp-includes/css/dist/widgets/?C=N%3BO%3DD HTTP/1.1" 200 1426 "https://www.gdrex.com/wp-includes/css/dist/widgets/" "Mozilla/5.0 (Linux; Android 7.0;) AppleWebKit/537.36 (KHTML, like Gecko) Mobile Safari/537.36 (compatible; PetalBot;+https://webmaster.petalsearch.com/site/petalbot)"
216.73.217.6 - - [14/May/2026:19:31:19 +0300] "GET /wp-includes/option.php HTTP/1.1" 200 - "-" "Mozilla/5.0 AppleWebKit/537.36 (KHTML, like Gecko; compatible; ClaudeBot/1.0; +claudebot@anthropic.com)"
216.73.217.6 - - [14/May/2026:19:31:20 +0300] "GET /wp-includes/meta.php HTTP/1.1" 500 - "-" "Mozilla/5.0 AppleWebKit/537.36 (KHTML, like Gecko; compatible; ClaudeBot/1.0; +claudebot@anthropic.com)"
216.73.217.6 - - [14/May/2026:19:32:11 +0300] "GET /wp-includes/compat.php HTTP/1.1" 500 - "-" "Mozilla/5.0 AppleWebKit/537.36 (KHTML, like Gecko; compatible; ClaudeBot/1.0; +claudebot@anthropic.com)"
216.73.217.6 - - [14/May/2026:19:32:26 +0300] "GET /wp-includes/template-loader.php HTTP/1.1" 500 - "-" "Mozilla/5.0 AppleWebKit/537.36 (KHTML, like Gecko; compatible; ClaudeBot/1.0; +claudebot@anthropic.com)"
216.73.217.6 - - [14/May/2026:19:32:35 +0300] "GET /wp-includes/class-wp-http-proxy.php HTTP/1.1" 200 - "-" "Mozilla/5.0 AppleWebKit/537.36 (KHTML, like Gecko; compatible; ClaudeBot/1.0; +claudebot@anthropic.com)"
216.73.217.6 - - [14/May/2026:19:34:00 +0300] "GET /wp-includes/class-wp-theme.php HTTP/1.1" 200 - "-" "Mozilla/5.0 AppleWebKit/537.36 (KHTML, like Gecko; compatible; ClaudeBot/1.0; +claudebot@anthropic.com)"
216.73.217.6 - - [14/May/2026:19:34:00 +0300] "GET /wp-includes/class-wp.php HTTP/1.1" 200 - "-" "Mozilla/5.0 AppleWebKit/537.36 (KHTML, like Gecko; compatible; ClaudeBot/1.0; +claudebot@anthropic.com)"
216.73.217.6 - - [14/May/2026:19:34:00 +0300] "GET /wp-includes/formatting.php HTTP/1.1" 200 - "-" "Mozilla/5.0 AppleWebKit/537.36 (KHTML, like Gecko; compatible; ClaudeBot/1.0; +claudebot@anthropic.com)"
216.73.217.6 - - [14/May/2026:19:33:12 +0300] "GET /wp-includes/class-wp-script-modules.php HTTP/1.1" 200 - "-" "Mozilla/5.0 AppleWebKit/537.36 (KHTML, like Gecko; compatible; ClaudeBot/1.0; +claudebot@anthropic.com)"
114.119.159.226 - - [14/May/2026:19:33:12 +0300] "GET /wp-includes/block-bindings/pattern-overrides.php HTTP/1.1" 500 - "https://www.gdrex.com/wp-includes/block-bindings/?C=S%3BO%3DA" "Mozilla/5.0 (Linux; Android 7.0;) AppleWebKit/537.36 (HTML, like Gecko) Mobile Safari/537.36 (compatible; PetalBot;+https://webmaster.petalsearch.com/site/petalbot)"
216.73.217.6 - - [14/May/2026:19:33:33 +0300] "GET /wp-includes/default-widgets.php HTTP/1.1" 200 2 "-" "Mozilla/5.0 AppleWebKit/537.36 (KHTML, like Gecko; compatible; ClaudeBot/1.0; +claudebot@anthropic.com)"
216.73.217.6 - - [14/May/2026:19:33:10 +0300] "GET /wp-includes/feed-rss.php HTTP/1.1" 500 - "-" "Mozilla/5.0 AppleWebKit/537.36 (KHTML, like Gecko; compatible; ClaudeBot/1.0; +claudebot@anthropic.com)"
216.73.217.6 - - [14/May/2026:19:33:15 +0300] "GET /wp-includes/feed-atom.php HTTP/1.1" 200 2 "-" "Mozilla/5.0 AppleWebKit/537.36 (KHTML, like Gecko; compatible; ClaudeBot/1.0; +claudebot@anthropic.com)"
216.73.217.6 - - [14/May/2026:19:34:00 +0300] "GET /wp-includes/class-wp-comment.php HTTP/1.1" 200 - "-" "Mozilla/5.0 AppleWebKit/537.36 (KHTML, like Gecko; compatible; ClaudeBot/1.0; +claudebot@anthropic.com)"
216.73.217.6 - - [14/May/2026:19:34:01 +0300] "GET /wp-includes/link-template.php HTTP/1.1" 200 - "-" "Mozilla/5.0 AppleWebKit/537.36 (KHTML, like Gecko; compatible; ClaudeBot/1.0; +claudebot@anthropic.com)"
216.73.217.6 - - [14/May/2026:19:34:01 +0300] "GET /wp-includes/ms-load.php HTTP/1.1" 200 - "-" "Mozilla/5.0 AppleWebKit/537.36 (KHTML, like Gecko; compatible; ClaudeBot/1.0; +claudebot@anthropic.com)"
216.73.217.6 - - [14/May/2026:19:34:02 +0300] "GET /wp-includes/https-detection.php HTTP/1.1" 200 - "-" "Mozilla/5.0 AppleWebKit/537.36 (KHTML, like Gecko; compatible; ClaudeBot/1.0; +claudebot@anthropic.com)"
216.73.217.6 - - [14/May/2026:19:34:01 +0300] "GET /wp-includes/class-requests.php HTTP/1.1" 200 - "-" "Mozilla/5.0 AppleWebKit/537.36 (KHTML, like Gecko; compatible; ClaudeBot/1.0; +claudebot@anthropic.com)"
216.73.217.6 - - [14/May/2026:19:34:02 +0300] "GET /wp-includes/class-wp-post.php HTTP/1.1" 200 - "-" "Mozilla/5.0 AppleWebKit/537.36 (KHTML, like Gecko; compatible; ClaudeBot/1.0; +claudebot@anthropic.com)"
216.73.217.6 - - [14/May/2026:19:34:02 +0300] "GET /wp-includes/class-wp-object-cache.php HTTP/1.1" 200 - "-" "Mozilla/5.0 AppleWebKit/537.36 (KHTML, like Gecko; compatible; ClaudeBot/1.0; +claudebot@anthropic.com)"
216.73.217.6 - - [14/May/2026:19:34:02 +0300] "GET /wp-includes/class-simplepie.php HTTP/1.1" 500 - "-" "Mozilla/5.0 AppleWebKit/537.36 (KHTML, like Gecko; compatible; ClaudeBot/1.0; +claudebot@anthropic.com)"
216.73.217.6 - - [14/May/2026:19:34:03 +0300] "GET /wp-includes/class-walker-comment.php HTTP/1.1" 500 - "-" "Mozilla/5.0 AppleWebKit/537.36 (KHTML, like Gecko; compatible; ClaudeBot/1.0; +claudebot@anthropic.com)"
216.73.217.6 - - [14/May/2026:19:34:05 +0300] "GET /wp-includes/speculative-loading.php HTTP/1.1" 200 - "-" "Mozilla/5.0 AppleWebKit/537.36 (KHTML, like Gecko; compatible; ClaudeBot/1.0; +claudebot@anthropic.com)"
216.73.217.6 - - [14/May/2026:19:34:06 +0300] "GET /wp-includes/interactivity-api/ HTTP/1.1" 200 1307 "-" "Mozilla/5.0 AppleWebKit/537.36 (KHTML, like Gecko; compatible; ClaudeBot/1.0; +claudebot@anthropic.com)"
216.73.217.6 - - [14/May/2026:19:34:07 +0300] "GET /wp-includes/taxonomy.php HTTP/1.1" 200 - "-" "Mozilla/5.0 AppleWebKit/537.36 (KHTML, like Gecko; compatible; ClaudeBot/1.0; +claudebot@anthropic.com)"
216.73.217.6 - - [14/May/2026:19:34:08 +0300] "GET /wp-includes/post-template.php HTTP/1.1" 200 - "-" "Mozilla/5.0 AppleWebKit/537.36 (KHTML, like Gecko; compatible; ClaudeBot/1.0; +claudebot@anthropic.com)"
216.73.217.6 - - [14/May/2026:19:34:22 +0300] "GET /wp-includes/general-template.php HTTP/1.1" 200 - "-" "Mozilla/5.0 AppleWebKit/537.36 (KHTML, like Gecko; compatible; ClaudeBot/1.0; +claudebot@anthropic.com)"
216.73.217.6 - - [14/May/2026:19:34:23 +0300] "GET /wp-includes/class-wp-text-diff-renderer-inline.php HTTP/1.1" 500 - "-" "Mozilla/5.0 AppleWebKit/537.36 (KHTML, like Gecko; compatible; ClaudeBot/1.0; +claudebot@anthropic.com)"
216.73.217.6 - - [14/May/2026:19:34:24 +0300] "GET /wp-includes/vars.php HTTP/1.1" 200 2 "-" "Mozilla/5.0 AppleWebKit/537.36 (KHTML, like Gecko; compatible; ClaudeBot/1.0; +claudebot@anthropic.com)"
216.73.217.6 - - [14/May/2026:19:34:26 +0300] "GET /wp-includes/author-template.php HTTP/1.1" 200 - "-" "Mozilla/5.0 AppleWebKit/537.36 (KHTML, like Gecko; compatible; ClaudeBot/1.0; +claudebot@anthropic.com)"
216.73.217.6 - - [14/May/2026:19:34:27 +0300] "GET /wp-includes/class-wp-dependency.php HTTP/1.1" 200 - "-" "Mozilla/5.0 AppleWebKit/537.36 (KHTML, like Gecko; compatible; ClaudeBot/1.0; +claudebot@anthropic.com)"
216.73.217.6 - - [14/May/2026:19:34:28 +0300] "GET /wp-includes/ms-functions.php HTTP/1.1" 200 - "-" "Mozilla/5.0 AppleWebKit/537.36 (KHTML, like Gecko; compatible; ClaudeBot/1.0; +claudebot@anthropic.com)"
216.73.217.6 - - [14/May/2026:19:34:29 +0300] "GET /wp-includes/class-wp-http-cookie.php HTTP/1.1" 200 - "-" "Mozilla/5.0 AppleWebKit/537.36 (KHTML, like Gecko; compatible; ClaudeBot/1.0; +claudebot@anthropic.com)"
216.73.217.6 - - [14/May/2026:19:34:31 +0300] "GET /wp-includes/kses.php HTTP/1.1" 200 - "-" "Mozilla/5.0 AppleWebKit/537.36 (KHTML, like Gecko; compatible; ClaudeBot/1.0; +claudebot@anthropic.com)"
216.73.217.6 - - [14/May/2026:19:34:32 +0300] "GET /wp-includes/php-compat/ HTTP/1.1" 200 861 "-" "Mozilla/5.0 AppleWebKit/537.36 (KHTML, like Gecko; compatible; ClaudeBot/1.0; +claudebot@anthropic.com)"
216.73.217.6 - - [14/May/2026:19:34:34 +0300] "GET /wp-includes/class-wp-theme-json.php HTTP/1.1" 200 - "-" "Mozilla/5.0 AppleWebKit/537.36 (KHTML, like Gecko; compatible; ClaudeBot/1.0; +claudebot@anthropic.com)"
216.73.217.6 - - [14/May/2026:19:34:35 +0300] "GET /wp-includes/theme-templates.php HTTP/1.1" 200 - "-" "Mozilla/5.0 AppleWebKit/537.36 (KHTML, like Gecko; compatible; ClaudeBot/1.0; +claudebot@anthropic.com)"
216.73.217.6 - - [14/May/2026:19:34:36 +0300] "GET /wp-includes/class-wp-exception.php HTTP/1.1" 200 - "-" "Mozilla/5.0 AppleWebKit/537.36 (KHTML, like Gecko; compatible; ClaudeBot/1.0; +claudebot@anthropic.com)"
216.73.217.6 - - [14/May/2026:19:34:37 +0300] "GET /wp-includes/class-wp-block.php HTTP/1.1" 200 - "-" "Mozilla/5.0 AppleWebKit/537.36 (KHTML, like Gecko; compatible; ClaudeBot/1.0; +claudebot@anthropic.com)"
216.73.217.6 - - [14/May/2026:19:34:38 +0300] "GET /wp-includes/class.wp-styles.php HTTP/1.1" 500 - "-" "Mozilla/5.0 AppleWebKit/537.36 (KHTML, like Gecko; compatible; ClaudeBot/1.0; +claudebot@anthropic.com)"
216.73.217.6 - - [14/May/2026:19:34:47 +0300] "GET /wp-includes/customize/ HTTP/1.1" 200 8305 "-" "Mozilla/5.0 AppleWebKit/537.36 (KHTML, like Gecko; compatible; ClaudeBot/1.0; +claudebot@anthropic.com)"
195.20.18.40 - - [14/May/2026:19:34:50 +0300] "POST /wp-cron.php?doing_wp_cron=1778776489.6403529644012451171875 HTTP/1.1" 200 - "-" "WordPress/6.8.3; https://www.gdrex.com"
216.73.217.6 - - [14/May/2026:19:34:48 +0300] "GET /wp-includes/ms-blogs.php HTTP/1.1" 404 51378 "-" "Mozilla/5.0 AppleWebKit/537.36 (KHTML, like Gecko; compatible; ClaudeBot/1.0; +claudebot@anthropic.com)"
216.73.217.6 - - [14/May/2026:19:34:51 +0300] "GET /wp-includes/feed-rss2-comments.php HTTP/1.1" 404 51378 "-" "Mozilla/5.0 AppleWebKit/537.36 (KHTML, like Gecko; compatible; ClaudeBot/1.0; +claudebot@anthropic.com)"
216.73.217.6 - - [14/May/2026:19:34:53 +0300] "GET /wp-includes/class-wp-token-map.php HTTP/1.1" 404 51378 "-" "Mozilla/5.0 AppleWebKit/537.36 (KHTML, like Gecko; compatible; ClaudeBot/1.0; +claudebot@anthropic.com)"
216.73.217.6 - - [14/May/2026:19:34:54 +0300] "GET /wp-includes/class-wp-oembed.php HTTP/1.1" 404 51378 "-" "Mozilla/5.0 AppleWebKit/537.36 (KHTML, like Gecko; compatible; ClaudeBot/1.0; +claudebot@anthropic.com)"
216.73.217.6 - - [14/May/2026:19:34:56 +0300] "GET /wp-includes/class-wp-feed-cache.php HTTP/1.1" 404 51378 "-" "Mozilla/5.0 AppleWebKit/537.36 (KHTML, like Gecko; compatible; ClaudeBot/1.0; +claudebot@anthropic.com)"
216.73.217.6 - - [14/May/2026:19:34:58 +0300] "GET /wp-includes/blocks/ HTTP/1.1" 404 51378 "-" "Mozilla/5.0 AppleWebKit/537.36 (KHTML, like Gecko; compatible; ClaudeBot/1.0; +claudebot@anthropic.com)"
216.73.217.6 - - [14/May/2026:19:35:09 +0300] "GET /wp-includes/IXR/class-IXR-error.php HTTP/1.1" 404 51378 "-" "Mozilla/5.0 AppleWebKit/537.36 (KHTML, like Gecko; compatible; ClaudeBot/1.0; +claudebot@anthropic.com)"
216.73.217.6 - - [14/May/2026:19:35:12 +0300] "GET /wp-includes/IXR/class-IXR-server.php HTTP/1.1" 404 51378 "-" "Mozilla/5.0 AppleWebKit/537.36 (KHTML, like Gecko; compatible; ClaudeBot/1.0; +claudebot@anthropic.com)"
216.73.217.6 - - [14/May/2026:19:35:14 +0300] "GET /wp-includes/IXR/class-IXR-request.php HTTP/1.1" 404 51378 "-" "Mozilla/5.0 AppleWebKit/537.36 (KHTML, like Gecko; compatible; ClaudeBot/1.0; +claudebot@anthropic.com)"
216.73.217.6 - - [14/May/2026:19:35:15 +0300] "GET /wp-includes/class-wp-comment-query.php HTTP/1.1" 404 51378 "-" "Mozilla/5.0 AppleWebKit/537.36 (KHTML, like Gecko; compatible; ClaudeBot/1.0; +claudebot@anthropic.com)"
216.73.217.6 - - [14/May/2026:19:35:16 +0300] "GET /wp-includes/class-snoopy.php HTTP/1.1" 404 51378 "-" "Mozilla/5.0 AppleWebKit/537.36 (KHTML, like Gecko; compatible; ClaudeBot/1.0; +claudebot@anthropic.com)"
216.73.217.6 - - [14/May/2026:19:35:17 +0300] "GET /wp-includes/class-wp-speculation-rules.php HTTP/1.1" 404 51378 "-" "Mozilla/5.0 AppleWebKit/537.36 (KHTML, like Gecko; compatible; ClaudeBot/1.0; +claudebot@anthropic.com)"
216.73.217.6 - - [14/May/2026:19:35:17 +0300] "GET /wp-includes/rest-api/ HTTP/1.1" 404 51378 "-" "Mozilla/5.0 AppleWebKit/537.36 (KHTML, like Gecko; compatible; ClaudeBot/1.0; +claudebot@anthropic.com)"
216.73.217.6 - - [14/May/2026:19:35:18 +0300] "GET /wp-includes/bookmark-template.php HTTP/1.1" 404 51378 "-" "Mozilla/5.0 AppleWebKit/537.36 (KHTML, like Gecko; compatible; ClaudeBot/1.0; +claudebot@anthropic.com)"
216.73.217.6 - - [14/May/2026:19:35:20 +0300] "GET /wp-includes/widgets/class-wp-widget-text.php HTTP/1.1" 404 51378 "-" "Mozilla/5.0 AppleWebKit/537.36 (KHTML, like Gecko; compatible; ClaudeBot/1.0; +claudebot@anthropic.com)"
216.73.217.6 - - [14/May/2026:19:35:22 +0300] "GET /wp-includes/widgets/class-wp-widget-rss.php HTTP/1.1" 404 51378 "-" "Mozilla/5.0 AppleWebKit/537.36 (KHTML, like Gecko; compatible; ClaudeBot/1.0; +claudebot@anthropic.com)"
216.73.217.6 - - [14/May/2026:19:35:23 +0300] "GET /wp-includes/widgets/class-wp-widget-recent-posts.php HTTP/1.1" 404 51378 "-" "Mozilla/5.0 AppleWebKit/537.36 (KHTML, like Gecko; compatible; ClaudeBot/1.0; +claudebot@anthropic.com)"
216.73.217.6 - - [14/May/2026:19:35:24 +0300] "GET /wp-includes/IXR/class-IXR-client.php HTTP/1.1" 404 51378 "-" "Mozilla/5.0 AppleWebKit/537.36 (KHTML, like Gecko; compatible; ClaudeBot/1.0; +claudebot@anthropic.com)"
216.73.217.6 - - [14/May/2026:19:35:26 +0300] "GET /wp-includes/IXR/class-IXR-date.php HTTP/1.1" 404 51378 "-" "Mozilla/5.0 AppleWebKit/537.36 (KHTML, like Gecko; compatible; ClaudeBot/1.0; +claudebot@anthropic.com)"
216.73.217.6 - - [14/May/2026:19:35:28 +0300] "GET /wp-includes/IXR/class-IXR-message.php HTTP/1.1" 200 - "-" "Mozilla/5.0 AppleWebKit/537.36 (KHTML, like Gecko; compatible; ClaudeBot/1.0; +claudebot@anthropic.com)"
216.73.217.6 - - [14/May/2026:19:35:29 +0300] "GET /wp-includes/IXR/class-IXR-value.php HTTP/1.1" 200 - "-" "Mozilla/5.0 AppleWebKit/537.36 (KHTML, like Gecko; compatible; ClaudeBot/1.0; +claudebot@anthropic.com)"
216.73.217.6 - - [14/May/2026:19:35:37 +0300] "GET /wp-includes/widgets/class-wp-widget-archives.php HTTP/1.1" 500 - "-" "Mozilla/5.0 AppleWebKit/537.36 (KHTML, like Gecko; compatible; ClaudeBot/1.0; +claudebot@anthropic.com)"
216.73.217.6 - - [14/May/2026:19:35:37 +0300] "GET /wp-includes/widgets/class-wp-widget-meta.php HTTP/1.1" 500 - "-" "Mozilla/5.0 AppleWebKit/537.36 (KHTML, like Gecko; compatible; ClaudeBot/1.0; +claudebot@anthropic.com)"
216.73.217.6 - - [14/May/2026:19:35:38 +0300] "GET /wp-includes/widgets/class-wp-widget-recent-comments.php HTTP/1.1" 500 - "-" "Mozilla/5.0 AppleWebKit/537.36 (KHTML, like Gecko; compatible; ClaudeBot/1.0; +claudebot@anthropic.com)"
216.73.217.6 - - [14/May/2026:19:35:39 +0300] "GET /wp-includes/widgets/class-wp-widget-custom-html.php HTTP/1.1" 500 - "-" "Mozilla/5.0 AppleWebKit/537.36 (KHTML, like Gecko; compatible; ClaudeBot/1.0; +claudebot@anthropic.com)"
216.73.217.6 - - [14/May/2026:19:35:40 +0300] "GET /wp-includes/IXR/class-IXR-clientmulticall.php HTTP/1.1" 500 - "-" "Mozilla/5.0 AppleWebKit/537.36 (KHTML, like Gecko; compatible; ClaudeBot/1.0; +claudebot@anthropic.com)"
216.73.217.6 - - [14/May/2026:19:35:41 +0300] "GET /wp-includes/IXR/class-IXR-base64.php HTTP/1.1" 200 - "-" "Mozilla/5.0 AppleWebKit/537.36 (KHTML, like Gecko; compatible; ClaudeBot/1.0; +claudebot@anthropic.com)"
216.73.217.6 - - [14/May/2026:19:35:42 +0300] "GET /wp-includes/widgets/class-wp-widget-block.php HTTP/1.1" 500 - "-" "Mozilla/5.0 AppleWebKit/537.36 (KHTML, like Gecko; compatible; ClaudeBot/1.0; +claudebot@anthropic.com)"
216.73.217.6 - - [14/May/2026:19:35:43 +0300] "GET /wp-includes/widgets/class-wp-widget-media.php HTTP/1.1" 500 - "-" "Mozilla/5.0 AppleWebKit/537.36 (KHTML, like Gecko; compatible; ClaudeBot/1.0; +claudebot@anthropic.com)"
216.73.217.6 - - [14/May/2026:19:35:44 +0300] "GET /wp-includes/widgets/class-wp-nav-menu-widget.php HTTP/1.1" 500 - "-" "Mozilla/5.0 AppleWebKit/537.36 (KHTML, like Gecko; compatible; ClaudeBot/1.0; +claudebot@anthropic.com)"
216.73.217.6 - - [14/May/2026:19:35:45 +0300] "GET /wp-includes/widgets/class-wp-widget-search.php HTTP/1.1" 500 - "-" "Mozilla/5.0 AppleWebKit/537.36 (KHTML, like Gecko; compatible; ClaudeBot/1.0; +claudebot@anthropic.com)"
216.73.217.6 - - [14/May/2026:19:35:46 +0300] "GET /wp-includes/widgets/class-wp-widget-categories.php HTTP/1.1" 500 - "-" "Mozilla/5.0 AppleWebKit/537.36 (KHTML, like Gecko; compatible; ClaudeBot/1.0; +claudebot@anthropic.com)"
216.73.217.6 - - [14/May/2026:19:35:47 +0300] "GET /wp-includes/widgets/class-wp-widget-pages.php HTTP/1.1" 500 - "-" "Mozilla/5.0 AppleWebKit/537.36 (KHTML, like Gecko; compatible; ClaudeBot/1.0; +claudebot@anthropic.com)"
216.73.217.6 - - [14/May/2026:19:36:06 +0300] "GET /wp-includes/widgets/?C=N&O=D HTTP/1.1" 200 4656 "-" "Mozilla/5.0 AppleWebKit/537.36 (KHTML, like Gecko; compatible; ClaudeBot/1.0; +claudebot@anthropic.com)"
216.73.217.6 - - [14/May/2026:19:36:41 +0300] "GET /wp-includes/IXR/?C=S&O=A HTTP/1.1" 200 2573 "-" "Mozilla/5.0 AppleWebKit/537.36 (KHTML, like Gecko; compatible; ClaudeBot/1.0; +claudebot@anthropic.com)"
216.73.217.6 - - [14/May/2026:19:36:41 +0300] "GET /wp-includes/widgets/class-wp-widget-media-video.php HTTP/1.1" 500 - "-" "Mozilla/5.0 AppleWebKit/537.36 (KHTML, like Gecko; compatible; ClaudeBot/1.0; +claudebot@anthropic.com)"
216.73.217.6 - - [14/May/2026:19:36:43 +0300] "GET /wp-includes/class-wp-plugin-dependencies.php HTTP/1.1" 200 - "-" "Mozilla/5.0 AppleWebKit/537.36 (KHTML, like Gecko; compatible; ClaudeBot/1.0; +claudebot@anthropic.com)"
216.73.217.6 - - [14/May/2026:19:36:44 +0300] "GET /wp-includes/class-wp-role.php HTTP/1.1" 200 - "-" "Mozilla/5.0 AppleWebKit/537.36 (KHTML, like Gecko; compatible; ClaudeBot/1.0; +claudebot@anthropic.com)"
216.73.217.6 - - [14/May/2026:19:36:45 +0300] "GET /wp-includes/class-wp-customize-setting.php HTTP/1.1" 200 2 "-" "Mozilla/5.0 AppleWebKit/537.36 (KHTML, like Gecko; compatible; ClaudeBot/1.0; +claudebot@anthropic.com)"
216.73.217.6 - - [14/May/2026:19:36:50 +0300] "GET /wp-includes/class-wp-block-type.php HTTP/1.1" 200 - "-" "Mozilla/5.0 AppleWebKit/537.36 (KHTML, like Gecko; compatible; ClaudeBot/1.0; +claudebot@anthropic.com)"
216.73.217.6 - - [14/May/2026:19:36:55 +0300] "GET /wp-includes/class-wp-block-parser-frame.php HTTP/1.1" 200 - "-" "Mozilla/5.0 AppleWebKit/537.36 (KHTML, like Gecko; compatible; ClaudeBot/1.0; +claudebot@anthropic.com)"
216.73.217.6 - - [14/May/2026:19:37:00 +0300] "GET /wp-includes/class-wp-navigation-fallback.php HTTP/1.1" 200 - "-" "Mozilla/5.0 AppleWebKit/537.36 (KHTML, like Gecko; compatible; ClaudeBot/1.0; +claudebot@anthropic.com)"
216.73.217.6 - - [14/May/2026:19:37:05 +0300] "GET /wp-includes/registration-functions.php HTTP/1.1" 500 - "-" "Mozilla/5.0 AppleWebKit/537.36 (KHTML, like Gecko; compatible; ClaudeBot/1.0; +claudebot@anthropic.com)"
216.73.217.6 - - [14/May/2026:19:37:10 +0300] "GET /wp-includes/class-wp-xmlrpc-server.php HTTP/1.1" 500 - "-" "Mozilla/5.0 AppleWebKit/537.36 (KHTML, like Gecko; compatible; ClaudeBot/1.0; +claudebot@anthropic.com)"
216.73.217.6 - - [14/May/2026:19:37:14 +0300] "GET /wp-includes/class-wp-block-parser-block.php HTTP/1.1" 200 - "-" "Mozilla/5.0 AppleWebKit/537.36 (KHTML, like Gecko; compatible; ClaudeBot/1.0; +claudebot@anthropic.com)"
216.73.217.6 - - [14/May/2026:19:37:30 +0300] "GET /wp-includes/functions.wp-styles.php HTTP/1.1" 200 - "-" "Mozilla/5.0 AppleWebKit/537.36 (KHTML, like Gecko; compatible; ClaudeBot/1.0; +claudebot@anthropic.com)"
216.73.217.6 - - [14/May/2026:19:37:30 +0300] "GET /wp-includes/class-wp-http-curl.php HTTP/1.1" 200 - "-" "Mozilla/5.0 AppleWebKit/537.36 (KHTML, like Gecko; compatible; ClaudeBot/1.0; +claudebot@anthropic.com)"
216.73.217.6 - - [14/May/2026:19:37:33 +0300] "GET /wp-includes/class-wp-http-streams.php HTTP/1.1" 200 - "-" "Mozilla/5.0 AppleWebKit/537.36 (KHTML, like Gecko; compatible; ClaudeBot/1.0; +claudebot@anthropic.com)"
216.73.217.6 - - [14/May/2026:19:37:44 +0300] "GET /wp-includes/post-thumbnail-template.php HTTP/1.1" 200 - "-" "Mozilla/5.0 AppleWebKit/537.36 (KHTML, like Gecko; compatible; ClaudeBot/1.0; +claudebot@anthropic.com)"
216.73.217.6 - - [14/May/2026:19:37:51 +0300] "GET /wp-includes/class-wp-roles.php HTTP/1.1" 200 - "-" "Mozilla/5.0 AppleWebKit/537.36 (KHTML, like Gecko; compatible; ClaudeBot/1.0; +claudebot@anthropic.com)"
216.73.217.6 - - [14/May/2026:19:37:56 +0300] "GET /wp-includes/theme-compat/ HTTP/1.1" 200 2311 "-" "Mozilla/5.0 AppleWebKit/537.36 (KHTML, like Gecko; compatible; ClaudeBot/1.0; +claudebot@anthropic.com)"
216.73.217.6 - - [14/May/2026:19:38:01 +0300] "GET /wp-includes/class-walker-nav-menu.php HTTP/1.1" 404 51378 "-" "Mozilla/5.0 AppleWebKit/537.36 (KHTML, like Gecko; compatible; ClaudeBot/1.0; +claudebot@anthropic.com)"
216.73.217.6 - - [14/May/2026:19:38:06 +0300] "GET /wp-includes/class-wp-customize-manager.php HTTP/1.1" 404 51378 "-" "Mozilla/5.0 AppleWebKit/537.36 (KHTML, like Gecko; compatible; ClaudeBot/1.0; +claudebot@anthropic.com)"
216.73.217.6 - - [14/May/2026:19:38:11 +0300] "GET /wp-includes/class-wp-taxonomy.php HTTP/1.1" 404 51378 "-" "Mozilla/5.0 AppleWebKit/537.36 (KHTML, like Gecko; compatible; ClaudeBot/1.0; +claudebot@anthropic.com)"
216.73.217.6 - - [14/May/2026:19:38:16 +0300] "GET /wp-includes/class-wp-http-requests-hooks.php HTTP/1.1" 404 51378 "-" "Mozilla/5.0 AppleWebKit/537.36 (KHTML, like Gecko; compatible; ClaudeBot/1.0; +claudebot@anthropic.com)"
216.73.217.6 - - [14/May/2026:19:38:21 +0300] "GET /wp-includes/class-wp-theme-json-schema.php HTTP/1.1" 404 51378 "-" "Mozilla/5.0 AppleWebKit/537.36 (KHTML, like Gecko; compatible; ClaudeBot/1.0; +claudebot@anthropic.com)"
2a03:2880:f806:14:: - - [14/May/2026:19:38:25 +0300] "GET /privacy-policy/ HTTP/1.1" 200 58897 "-" "meta-externalagent/1.1 (+https://developers.facebook.com/docs/sharing/webmasters/crawler)"
216.73.217.6 - - [14/May/2026:19:39:06 +0300] "GET /wp-includes/class-wp-simplepie-file.php HTTP/1.1" 500 - "-" "Mozilla/5.0 AppleWebKit/537.36 (KHTML, like Gecko; compatible; ClaudeBot/1.0; +claudebot@anthropic.com)"
216.73.217.6 - - [14/May/2026:19:39:06 +0300] "GET /wp-includes/class-wp-customize-panel.php HTTP/1.1" 200 2 "-" "Mozilla/5.0 AppleWebKit/537.36 (KHTML, like Gecko; compatible; ClaudeBot/1.0; +claudebot@anthropic.com)"
216.73.217.6 - - [14/May/2026:19:39:07 +0300] "GET /wp-includes/class-wp-url-pattern-prefixer.php HTTP/1.1" 200 - "-" "Mozilla/5.0 AppleWebKit/537.36 (KHTML, like Gecko; compatible; ClaudeBot/1.0; +claudebot@anthropic.com)"
216.73.217.6 - - [14/May/2026:19:39:08 +0300] "GET /wp-includes/sitemaps/ HTTP/1.1" 200 2048 "-" "Mozilla/5.0 AppleWebKit/537.36 (KHTML, like Gecko; compatible; ClaudeBot/1.0; +claudebot@anthropic.com)"
216.73.217.6 - - [14/May/2026:19:39:09 +0300] "GET /wp-includes/block-bindings/ HTTP/1.1" 200 1413 "-" "Mozilla/5.0 AppleWebKit/537.36 (KHTML, like Gecko; compatible; ClaudeBot/1.0; +claudebot@anthropic.com)"
216.73.217.6 - - [14/May/2026:19:39:12 +0300] "GET /wp-includes/class-wp-http-ixr-client.php HTTP/1.1" 500 - "-" "Mozilla/5.0 AppleWebKit/537.36 (KHTML, like Gecko; compatible; ClaudeBot/1.0; +claudebot@anthropic.com)"
216.73.217.6 - - [14/May/2026:19:39:17 +0300] "GET /wp-includes/class-wp-feed-cache-transient.php HTTP/1.1" 500 - "-" "Mozilla/5.0 AppleWebKit/537.36 (KHTML, like Gecko; compatible; ClaudeBot/1.0; +claudebot@anthropic.com)"
216.73.217.6 - - [14/May/2026:19:39:22 +0300] "GET /wp-includes/class-wp-site-query.php HTTP/1.1" 200 - "-" "Mozilla/5.0 AppleWebKit/537.36 (KHTML, like Gecko; compatible; ClaudeBot/1.0; +claudebot@anthropic.com)"
216.73.217.6 - - [14/May/2026:19:39:27 +0300] "GET /wp-includes/class-wp-locale.php HTTP/1.1" 200 - "-" "Mozilla/5.0 AppleWebKit/537.36 (KHTML, like Gecko; compatible; ClaudeBot/1.0; +claudebot@anthropic.com)"
216.73.217.6 - - [14/May/2026:19:39:34 +0300] "GET /wp-includes/class-wp-user-meta-session-tokens.php HTTP/1.1" 500 - "-" "Mozilla/5.0 AppleWebKit/537.36 (KHTML, like Gecko; compatible; ClaudeBot/1.0; +claudebot@anthropic.com)"
216.73.217.6 - - [14/May/2026:19:39:42 +0300] "GET /wp-includes/feed-rdf.php HTTP/1.1" 500 - "-" "Mozilla/5.0 AppleWebKit/537.36 (KHTML, like Gecko; compatible; ClaudeBot/1.0; +claudebot@anthropic.com)"
216.73.217.6 - - [14/May/2026:19:39:42 +0300] "GET /wp-includes/class-wp-paused-extensions-storage.php HTTP/1.1" 200 - "-" "Mozilla/5.0 AppleWebKit/537.36 (KHTML, like Gecko; compatible; ClaudeBot/1.0; +claudebot@anthropic.com)"
216.73.217.6 - - [14/May/2026:19:39:51 +0300] "GET /wp-includes/nav-menu-template.php HTTP/1.1" 200 2 "-" "Mozilla/5.0 AppleWebKit/537.36 (KHTML, like Gecko; compatible; ClaudeBot/1.0; +claudebot@anthropic.com)"
216.73.217.6 - - [14/May/2026:19:39:51 +0300] "GET /wp-includes/class-wp-simplepie-sanitize-kses.php HTTP/1.1" 200 2 "-" "Mozilla/5.0 AppleWebKit/537.36 (KHTML, like Gecko; compatible; ClaudeBot/1.0; +claudebot@anthropic.com)"
216.73.217.6 - - [14/May/2026:19:39:54 +0300] "GET /wp-includes/class-wp-block-templates-registry.php HTTP/1.1" 200 - "-" "Mozilla/5.0 AppleWebKit/537.36 (KHTML, like Gecko; compatible; ClaudeBot/1.0; +claudebot@anthropic.com)"
216.73.217.6 - - [14/May/2026:19:39:59 +0300] "GET /wp-includes/class-wp-recovery-mode.php HTTP/1.1" 200 - "-" "Mozilla/5.0 AppleWebKit/537.36 (KHTML, like Gecko; compatible; ClaudeBot/1.0; +claudebot@anthropic.com)"
216.73.217.6 - - [14/May/2026:19:40:04 +0300] "GET /wp-includes/global-styles-and-settings.php HTTP/1.1" 200 - "-" "Mozilla/5.0 AppleWebKit/537.36 (KHTML, like Gecko; compatible; ClaudeBot/1.0; +claudebot@anthropic.com)"
216.73.217.6 - - [14/May/2026:19:40:10 +0300] "GET /wp-includes/class-wp-classic-to-block-menu-converter.php HTTP/1.1" 200 - "-" "Mozilla/5.0 AppleWebKit/537.36 (KHTML, like Gecko; compatible; ClaudeBot/1.0; +claudebot@anthropic.com)"
216.73.217.6 - - [14/May/2026:19:40:15 +0300] "GET /wp-includes/class-wp-recovery-mode-email-service.php HTTP/1.1" 200 - "-" "Mozilla/5.0 AppleWebKit/537.36 (KHTML, like Gecko; compatible; ClaudeBot/1.0; +claudebot@anthropic.com)"
216.73.217.6 - - [14/May/2026:19:40:27 +0300] "GET /wp-includes/class-wp-recovery-mode-key-service.php HTTP/1.1" 200 - "-" "Mozilla/5.0 AppleWebKit/537.36 (KHTML, like Gecko; compatible; ClaudeBot/1.0; +claudebot@anthropic.com)"
216.73.217.6 - - [14/May/2026:19:53:34 +0300] "GET /wp-includes/Requests/src/ HTTP/1.1" 200 4964 "-" "Mozilla/5.0 AppleWebKit/537.36 (KHTML, like Gecko; compatible; ClaudeBot/1.0; +claudebot@anthropic.com)"
216.73.217.6 - - [14/May/2026:19:53:35 +0300] "GET /wp-includes/pomo/mo.php HTTP/1.1" 200 - "-" "Mozilla/5.0 AppleWebKit/537.36 (KHTML, like Gecko; compatible; ClaudeBot/1.0; +claudebot@anthropic.com)"
216.73.217.6 - - [14/May/2026:19:53:35 +0300] "GET /wp-includes/Text/Diff/ HTTP/1.1" 200 1216 "-" "Mozilla/5.0 AppleWebKit/537.36 (KHTML, like Gecko; compatible; ClaudeBot/1.0; +claudebot@anthropic.com)"
216.73.217.6 - - [14/May/2026:19:53:34 +0300] "GET /wp-includes/Text/Exception.php HTTP/1.1" 200 - "-" "Mozilla/5.0 AppleWebKit/537.36 (KHTML, like Gecko; compatible; ClaudeBot/1.0; +claudebot@anthropic.com)"
216.73.217.6 - - [14/May/2026:19:53:35 +0300] "GET /wp-includes/pomo/entry.php HTTP/1.1" 200 - "-" "Mozilla/5.0 AppleWebKit/537.36 (KHTML, like Gecko; compatible; ClaudeBot/1.0; +claudebot@anthropic.com)"
216.73.217.6 - - [14/May/2026:19:53:35 +0300] "GET /wp-includes/pomo/streams.php HTTP/1.1" 200 - "-" "Mozilla/5.0 AppleWebKit/537.36 (KHTML, like Gecko; compatible; ClaudeBot/1.0; +claudebot@anthropic.com)"
216.73.217.6 - - [14/May/2026:19:53:37 +0300] "GET /wp-includes/Requests/library/ HTTP/1.1" 200 882 "-" "Mozilla/5.0 AppleWebKit/537.36 (KHTML, like Gecko; compatible; ClaudeBot/1.0; +claudebot@anthropic.com)"
216.73.217.6 - - [14/May/2026:19:53:44 +0300] "GET /wp-includes/pomo/po.php HTTP/1.1" 200 - "-" "Mozilla/5.0 AppleWebKit/537.36 (KHTML, like Gecko; compatible; ClaudeBot/1.0; +claudebot@anthropic.com)"
216.73.217.6 - - [14/May/2026:19:53:48 +0300] "GET /wp-includes/pomo/plural-forms.php HTTP/1.1" 200 - "-" "Mozilla/5.0 AppleWebKit/537.36 (KHTML, like Gecko; compatible; ClaudeBot/1.0; +claudebot@anthropic.com)"
216.73.217.6 - - [14/May/2026:19:54:22 +0300] "GET /wp-includes/pomo/translations.php HTTP/1.1" 200 - "-" "Mozilla/5.0 AppleWebKit/537.36 (KHTML, like Gecko; compatible; ClaudeBot/1.0; +claudebot@anthropic.com)"
216.73.217.6 - - [14/May/2026:19:54:38 +0300] "GET /wp-includes/Text/?C=N&O=D HTTP/1.1" 200 1199 "-" "Mozilla/5.0 AppleWebKit/537.36 (KHTML, like Gecko; compatible; ClaudeBot/1.0; +claudebot@anthropic.com)"
216.73.217.6 - - [14/May/2026:19:54:44 +0300] "GET /wp-includes/Text/?C=M&O=A HTTP/1.1" 200 1199 "-" "Mozilla/5.0 AppleWebKit/537.36 (KHTML, like Gecko; compatible; ClaudeBot/1.0; +claudebot@anthropic.com)"
216.73.217.6 - - [14/May/2026:19:54:51 +0300] "GET /wp-includes/Text/?C=D&O=A HTTP/1.1" 200 1199 "-" "Mozilla/5.0 AppleWebKit/537.36 (KHTML, like Gecko; compatible; ClaudeBot/1.0; +claudebot@anthropic.com)"
216.73.217.6 - - [14/May/2026:19:55:22 +0300] "GET /wp-includes/Text/?C=S&O=A HTTP/1.1" 200 1199 "-" "Mozilla/5.0 AppleWebKit/537.36 (KHTML, like Gecko; compatible; ClaudeBot/1.0; +claudebot@anthropic.com)"
216.73.217.6 - - [14/May/2026:19:55:27 +0300] "GET /wp-includes/Requests/?C=N&O=D HTTP/1.1" 200 1025 "-" "Mozilla/5.0 AppleWebKit/537.36 (KHTML, like Gecko; compatible; ClaudeBot/1.0; +claudebot@anthropic.com)"
114.119.139.107 - - [14/May/2026:19:55:48 +0300] "GET /wp-includes/css/dist/reusable-blocks/?C=M%3BO%3DA HTTP/1.1" 200 1442 "https://www.gdrex.com/wp-includes/css/dist/reusable-blocks/" "Mozilla/5.0 (Linux; Android 7.0;) AppleWebKit/537.36 (HTML, like Gecko) Mobile Safari/537.36 (compatible; PetalBot;+https://webmaster.petalsearch.com/site/petalbot)"
216.73.217.6 - - [14/May/2026:19:56:02 +0300] "GET /wp-includes/Requests/?C=M&O=A HTTP/1.1" 200 1025 "-" "Mozilla/5.0 AppleWebKit/537.36 (KHTML, like Gecko; compatible; ClaudeBot/1.0; +claudebot@anthropic.com)"
216.73.217.6 - - [14/May/2026:19:57:14 +0300] "GET /wp-includes/Requests/?C=D&O=A HTTP/1.1" 200 1025 "-" "Mozilla/5.0 AppleWebKit/537.36 (KHTML, like Gecko; compatible; ClaudeBot/1.0; +claudebot@anthropic.com)"
216.73.217.6 - - [14/May/2026:19:57:15 +0300] "GET /wp-includes/Requests/?C=S&O=A HTTP/1.1" 200 1025 "-" "Mozilla/5.0 AppleWebKit/537.36 (KHTML, like Gecko; compatible; ClaudeBot/1.0; +claudebot@anthropic.com)"
114.119.159.254 - - [14/May/2026:19:57:33 +0300] "GET /wp-includes/sodium_compat/src/Core32/Curve25519.php HTTP/1.1" 500 - "https://www.gdrex.com/wp-includes/sodium_compat/src/Core32/" "Mozilla/5.0 (Linux; Android 7.0;) AppleWebKit/537.36 (HTML, like Gecko) Mobile Safari/537.36 (compatible; PetalBot;+https://webmaster.petalsearch.com/site/petalbot)"
216.73.217.6 - - [14/May/2026:19:57:40 +0300] "GET /wp-includes/pomo/?C=N&O=D HTTP/1.1" 200 1741 "-" "Mozilla/5.0 AppleWebKit/537.36 (KHTML, like Gecko; compatible; ClaudeBot/1.0; +claudebot@anthropic.com)"
216.73.217.6 - - [14/May/2026:19:57:48 +0300] "GET /wp-includes/pomo/?C=D&O=A HTTP/1.1" 200 1741 "-" "Mozilla/5.0 AppleWebKit/537.36 (KHTML, like Gecko; compatible; ClaudeBot/1.0; +claudebot@anthropic.com)"
216.73.217.6 - - [14/May/2026:19:57:58 +0300] "GET /wp-includes/pomo/?C=M&O=A HTTP/1.1" 200 1741 "-" "Mozilla/5.0 AppleWebKit/537.36 (KHTML, like Gecko; compatible; ClaudeBot/1.0; +claudebot@anthropic.com)"
216.73.217.6 - - [14/May/2026:19:58:35 +0300] "GET /wp-includes/pomo/?C=S&O=A HTTP/1.1" 200 1741 "-" "Mozilla/5.0 AppleWebKit/537.36 (KHTML, like Gecko; compatible; ClaudeBot/1.0; +claudebot@anthropic.com)"
216.73.217.6 - - [14/May/2026:19:59:21 +0300] "GET /wp-sitemap.xml HTTP/1.1" 200 447 "-" "Mozilla/5.0 AppleWebKit/537.36 (KHTML, like Gecko; compatible; ClaudeBot/1.0; +claudebot@anthropic.com)"
114.119.133.245 - - [14/May/2026:20:00:08 +0300] "GET /wp-includes/sodium_compat/lib/namespaced.php HTTP/1.1" 200 - "https://www.gdrex.com/wp-includes/sodium_compat/lib/?C=N%3BO%3DD" "Mozilla/5.0 (Linux; Android 7.0;) AppleWebKit/537.36 (HTML, like Gecko) Mobile Safari/537.36 (compatible; PetalBot;+https://webmaster.petalsearch.com/site/petalbot)"
114.119.135.182 - - [14/May/2026:20:02:33 +0300] "GET /wp-includes/rest-api/endpoints/class-wp-rest-font-families-controller.php HTTP/1.1" 500 - "https://www.gdrex.com/wp-includes/rest-api/endpoints/?C=S%3BO%3DA" "Mozilla/5.0 (Linux; Android 7.0;) AppleWebKit/537.36 (KHTML, like Gecko) Mobile Safari/537.36 (compatible; PetalBot;+https://webmaster.petalsearch.com/site/petalbot)"
114.119.139.107 - - [14/May/2026:20:04:47 +0300] "GET /wp-includes/php-compat/?C=D%3BO%3DA HTTP/1.1" 200 861 "https://www.gdrex.com/wp-includes/php-compat/?C=N%3BO%3DD" "Mozilla/5.0 (Linux; Android 7.0;) AppleWebKit/537.36 (HTML, like Gecko) Mobile Safari/537.36 (compatible; PetalBot;+https://webmaster.petalsearch.com/site/petalbot)"
114.119.129.97 - - [14/May/2026:20:10:27 +0300] "GET /wp-includes/css/dist/nux/?C=S%3BO%3DA HTTP/1.1" 200 1418 "https://www.gdrex.com/wp-includes/css/dist/nux/" "Mozilla/5.0 (Linux; Android 7.0;) AppleWebKit/537.36 (KHTML, like Gecko) Mobile Safari/537.36 (compatible; PetalBot;+https://webmaster.petalsearch.com/site/petalbot)"
114.119.159.226 - - [14/May/2026:20:13:05 +0300] "GET /wp-includes/css/dist/edit-site/posts-rtl.css HTTP/1.1" 200 52588 "https://www.gdrex.com/wp-includes/css/dist/edit-site/" "Mozilla/5.0 (Linux; Android 7.0;) AppleWebKit/537.36 (HTML, like Gecko) Mobile Safari/537.36 (compatible; PetalBot;+https://webmaster.petalsearch.com/site/petalbot)"
114.119.159.254 - - [14/May/2026:20:16:37 +0300] "GET /wp-includes/css/dist/commands/?C=D%3BO%3DA HTTP/1.1" 200 1428 "https://www.gdrex.com/wp-includes/css/dist/commands/" "Mozilla/5.0 (Linux; Android 7.0;) AppleWebKit/537.36 (KHTML, like Gecko) Mobile Safari/537.36 (compatible; PetalBot;+https://webmaster.petalsearch.com/site/petalbot)"
114.119.159.254 - - [14/May/2026:20:22:20 +0300] "GET /wp-includes/sodium_compat/src/Core32/HSalsa20.php HTTP/1.1" 500 - "https://www.gdrex.com/wp-includes/sodium_compat/src/Core32/" "Mozilla/5.0 (Linux; Android 7.0;) AppleWebKit/537.36 (HTML, like Gecko) Mobile Safari/537.36 (compatible; PetalBot;+https://webmaster.petalsearch.com/site/petalbot)"
114.119.159.226 - - [14/May/2026:20:24:08 +0300] "GET /wp-includes/css/dist/commands/style.css HTTP/1.1" 200 3536 "https://www.gdrex.com/wp-includes/css/dist/commands/" "Mozilla/5.0 (Linux; Android 7.0;) AppleWebKit/537.36 (HTML, like Gecko) Mobile Safari/537.36 (compatible; PetalBot;+https://webmaster.petalsearch.com/site/petalbot)"
114.119.151.185 - - [14/May/2026:20:29:48 +0300] "GET /wp-includes/rest-api.php HTTP/1.1" 200 - "https://www.gdrex.com/wp-includes/?C=S%3BO%3DA" "Mozilla/5.0 (Linux; Android 7.0;) AppleWebKit/537.36 (HTML, like Gecko) Mobile Safari/537.36 (compatible; PetalBot;+https://webmaster.petalsearch.com/site/petalbot)"
