/
home
/
evertrus
/
access-logs
/
Upload File
HOME
114.119.135.182 - - [14/May/2026:13:30:08 +0300] "GET /wp-includes/css/dist/widgets/?C=M%3BO%3DA HTTP/1.1" 200 1426 "https://www.gdrex.com/wp-includes/css/dist/widgets/" "Mozilla/5.0 (Linux; Android 7.0;) AppleWebKit/537.36 (HTML, like Gecko) Mobile Safari/537.36 (compatible; PetalBot;+https://webmaster.petalsearch.com/site/petalbot)"
195.20.18.40 - - [14/May/2026:13:30:23 +0300] "GET /.well-known/acme-challenge/UVD35WLKU6J0D1C6K9KXX_GBQF84MBOH HTTP/1.1" 200 64 "-" "Cpanel-HTTP-Client/1.0"
195.20.18.40 - - [14/May/2026:13:30:24 +0300] "GET /.well-known/acme-challenge/M38B-VS6FY4OFP2W_MO60G205GR9DJSH HTTP/1.1" 200 64 "-" "Cpanel-HTTP-Client/1.0"
114.119.139.107 - - [14/May/2026:13:34:03 +0300] "GET /wp-includes/css/dist/edit-site/posts.css HTTP/1.1" 200 52581 "https://www.gdrex.com/wp-includes/css/dist/edit-site/" "Mozilla/5.0 (Linux; Android 7.0;) AppleWebKit/537.36 (HTML, like Gecko) Mobile Safari/537.36 (compatible; PetalBot;+https://webmaster.petalsearch.com/site/petalbot)"
114.119.143.174 - - [14/May/2026:13:39:24 +0300] "GET /wp-includes/sodium_compat/src/Core/ HTTP/1.1" 200 5012 "https://www.gdrex.com/wp-includes/sodium_compat/src/?C=D%3BO%3DA" "Mozilla/5.0 (Linux; Android 7.0;) AppleWebKit/537.36 (HTML, like Gecko) Mobile Safari/537.36 (compatible; PetalBot;+https://webmaster.petalsearch.com/site/petalbot)"
195.20.18.40 - - [14/May/2026:13:44:48 +0300] "POST /wp-cron.php?doing_wp_cron=1778755487.6662011146545410156250 HTTP/1.1" 200 - "-" "WordPress/6.8.3; https://www.gdrex.com"
216.73.217.6 - - [14/May/2026:13:44:46 +0300] "GET /wp-sitemap.xml HTTP/1.1" 200 447 "-" "Mozilla/5.0 AppleWebKit/537.36 (KHTML, like Gecko; compatible; ClaudeBot/1.0; +claudebot@anthropic.com)"
114.119.143.174 - - [14/May/2026:13:45:28 +0300] "GET /wp-includes/css/dist/widgets/style.min.css HTTP/1.1" 200 5732 "https://www.gdrex.com/wp-includes/css/dist/widgets/" "Mozilla/5.0 (Linux; Android 7.0;) AppleWebKit/537.36 (HTML, like Gecko) Mobile Safari/537.36 (compatible; PetalBot;+https://webmaster.petalsearch.com/site/petalbot)"
114.119.159.254 - - [14/May/2026:13:47:17 +0300] "GET /wp-includes/css/dist/block-library/editor.min.css HTTP/1.1" 200 68419 "https://www.gdrex.com/wp-includes/css/dist/block-library/" "Mozilla/5.0 (Linux; Android 7.0;) AppleWebKit/537.36 (HTML, like Gecko) Mobile Safari/537.36 (compatible; PetalBot;+https://webmaster.petalsearch.com/site/petalbot)"
114.119.151.185 - - [14/May/2026:13:50:53 +0300] "GET /wp-includes/css/dist/block-library/style.css HTTP/1.1" 200 124830 "https://www.gdrex.com/wp-includes/css/dist/block-library/" "Mozilla/5.0 (Linux; Android 7.0;) AppleWebKit/537.36 (HTML, like Gecko) Mobile Safari/537.36 (compatible; PetalBot;+https://webmaster.petalsearch.com/site/petalbot)"
114.119.129.97 - - [14/May/2026:13:52:41 +0300] "GET /wp-includes/css/dist/edit-site/?C=N%3BO%3DD HTTP/1.1" 200 2154 "https://www.gdrex.com/wp-includes/css/dist/edit-site/" "Mozilla/5.0 (Linux; Android 7.0;) AppleWebKit/537.36 (HTML, like Gecko) Mobile Safari/537.36 (compatible; PetalBot;+https://webmaster.petalsearch.com/site/petalbot)"
114.119.159.226 - - [14/May/2026:13:56:00 +0300] "GET /wp-includes/css/dist/block-library/editor-rtl.css HTTP/1.1" 200 74423 "https://www.gdrex.com/wp-includes/css/dist/block-library/" "Mozilla/5.0 (Linux; Android 7.0;) AppleWebKit/537.36 (HTML, like Gecko) Mobile Safari/537.36 (compatible; PetalBot;+https://webmaster.petalsearch.com/site/petalbot)"
114.119.135.182 - - [14/May/2026:13:58:44 +0300] "GET /wp-includes/css/dist/block-library/classic.css HTTP/1.1" 200 268 "https://www.gdrex.com/wp-includes/css/dist/block-library/" "Mozilla/5.0 (Linux; Android 7.0;) AppleWebKit/537.36 (HTML, like Gecko) Mobile Safari/537.36 (compatible; PetalBot;+https://webmaster.petalsearch.com/site/petalbot)"
114.119.143.174 - - [14/May/2026:14:02:50 +0300] "GET /wp-includes/block-bindings/?C=N%3BO%3DD HTTP/1.1" 200 1413 "https://www.gdrex.com/wp-includes/block-bindings/?C=S%3BO%3DA" "Mozilla/5.0 (Linux; Android 7.0;) AppleWebKit/537.36 (HTML, like Gecko) Mobile Safari/537.36 (compatible; PetalBot;+https://webmaster.petalsearch.com/site/petalbot)"
114.119.139.107 - - [14/May/2026:14:08:05 +0300] "GET /wp-includes/images/media/?C=M%3BO%3DA HTTP/1.1" 200 3912 "https://www.gdrex.com/wp-includes/images/media/?C=S%3BO%3DA" "Mozilla/5.0 (Linux; Android 7.0;) AppleWebKit/537.36 (HTML, like Gecko) Mobile Safari/537.36 (compatible; PetalBot;+https://webmaster.petalsearch.com/site/petalbot)"
87.236.176.131 - - [14/May/2026:14:08:06 +0300] "GET / HTTP/1.1" 200 149138 "https://gdrex.com/" "Mozilla/5.0 (compatible; InternetMeasurement/1.0; +https://internet-measurement.com/)"
43.134.1.185 - - [14/May/2026:14:14:19 +0300] "GET / HTTP/1.1" 200 149138 "http://www.gdrex.com" "Mozilla/5.0 (iPhone; CPU iPhone OS 13_2_3 like Mac OS X) AppleWebKit/605.1.15 (KHTML, like Gecko) Version/13.0.3 Mobile/15E148 Safari/604.1"
114.119.133.245 - - [14/May/2026:14:14:22 +0300] "GET /wp-includes/css/dist/block-library/reset.min.css HTTP/1.1" 200 2073 "https://www.gdrex.com/wp-includes/css/dist/block-library/" "Mozilla/5.0 (Linux; Android 7.0;) AppleWebKit/537.36 (HTML, like Gecko) Mobile Safari/537.36 (compatible; PetalBot;+https://webmaster.petalsearch.com/site/petalbot)"
114.119.133.245 - - [14/May/2026:14:19:27 +0300] "GET /wp-includes/theme-compat/header-embed.php HTTP/1.1" 500 22 "https://www.gdrex.com/wp-includes/theme-compat/?C=N%3BO%3DD" "Mozilla/5.0 (Linux; Android 7.0;) AppleWebKit/537.36 (HTML, like Gecko) Mobile Safari/537.36 (compatible; PetalBot;+https://webmaster.petalsearch.com/site/petalbot)"
114.119.159.226 - - [14/May/2026:14:23:19 +0300] "GET /wp-includes/css/dist/block-library/classic-rtl.min.css HTTP/1.1" 200 235 "https://www.gdrex.com/wp-includes/css/dist/block-library/" "Mozilla/5.0 (Linux; Android 7.0;) AppleWebKit/537.36 (HTML, like Gecko) Mobile Safari/537.36 (compatible; PetalBot;+https://webmaster.petalsearch.com/site/petalbot)"
43.133.178.179 - - [14/May/2026:14:23:52 +0300] "GET / HTTP/1.1" 200 149138 "https://www.gdrex.com" "Mozilla/5.0 (Windows NT 10.0; Win64; x64) AppleWebKit/537.36 (KHTML, like Gecko) Chrome/93.0.4577.63 Safari/537.36"
165.245.187.154 - - [14/May/2026:14:27:41 +0300] "GET /license.txt HTTP/1.1" 404 51378 "-" "python-requests/2.27.1"
114.119.159.226 - - [14/May/2026:14:28:55 +0300] "GET /wp-includes/css/dist/block-library/editor-elements-rtl.min.css HTTP/1.1" 200 78 "https://www.gdrex.com/wp-includes/css/dist/block-library/" "Mozilla/5.0 (Linux; Android 7.0;) AppleWebKit/537.36 (HTML, like Gecko) Mobile Safari/537.36 (compatible; PetalBot;+https://webmaster.petalsearch.com/site/petalbot)"
114.119.159.254 - - [14/May/2026:14:35:58 +0300] "GET /wp-includes/block-bindings/?C=M%3BO%3DA HTTP/1.1" 200 1413 "https://www.gdrex.com/wp-includes/block-bindings/?C=S%3BO%3DA" "Mozilla/5.0 (Linux; Android 7.0;) AppleWebKit/537.36 (HTML, like Gecko) Mobile Safari/537.36 (compatible; PetalBot;+https://webmaster.petalsearch.com/site/petalbot)"
114.119.129.97 - - [14/May/2026:14:38:17 +0300] "GET /wp-includes/assets/script-modules-packages.php HTTP/1.1" 200 - "https://www.gdrex.com/wp-includes/assets/?C=D%3BO%3DA" "Mozilla/5.0 (Linux; Android 7.0;) AppleWebKit/537.36 (HTML, like Gecko) Mobile Safari/537.36 (compatible; PetalBot;+https://webmaster.petalsearch.com/site/petalbot)"
114.119.129.97 - - [14/May/2026:14:39:43 +0300] "GET /wp-includes/css/dist/block-directory/?C=M%3BO%3DA HTTP/1.1" 200 1442 "https://www.gdrex.com/wp-includes/css/dist/block-directory/" "Mozilla/5.0 (Linux; Android 7.0;) AppleWebKit/537.36 (HTML, like Gecko) Mobile Safari/537.36 (compatible; PetalBot;+https://webmaster.petalsearch.com/site/petalbot)"
195.20.18.40 - - [14/May/2026:14:44:34 +0300] "POST /wp-cron.php?doing_wp_cron=1778759073.0958390235900878906250 HTTP/1.1" 200 - "-" "WordPress/6.8.3; https://www.gdrex.com"
2602:fa59:9:1715::1 - - [14/May/2026:14:44:31 +0300] "GET / HTTP/1.1" 200 149138 "https://gdrex.com" "Mozilla/5.0 (Debian; Linux i686) AppleWebKit/537.36 (KHTML, like Gecko) Chrome/137.0.0.0 Safari/537.36"
114.119.159.226 - - [14/May/2026:14:45:09 +0300] "GET /wp-includes/css/dist/edit-widgets/style-rtl.min.css HTTP/1.1" 200 21616 "https://www.gdrex.com/wp-includes/css/dist/edit-widgets/" "Mozilla/5.0 (Linux; Android 7.0;) AppleWebKit/537.36 (HTML, like Gecko) Mobile Safari/537.36 (compatible; PetalBot;+https://webmaster.petalsearch.com/site/petalbot)"
43.128.24.137 - - [14/May/2026:14:45:08 +0300] "GET /wp-includes/id3/license.txt/wp-login.php HTTP/1.1" 404 51378 "-" "Mozilla/5.0 (Windows NT 11.0; Win64; x64) AppleWebKit/537.36 (KHTML, like Gecko) Chrome/118.0.0.0 Safari/537.36"
43.128.24.137 - - [14/May/2026:14:45:11 +0300] "GET /wp-includes/id3/license.txt/wp-admin/ HTTP/1.1" 404 51378 "https://www.google.com/" "Mozilla/5.0 (Windows NT 10.0; Win64; x64; rv:120.0) Gecko/20100101 Firefox/120.0"
114.119.133.245 - - [14/May/2026:14:48:57 +0300] "GET /wp-includes/SimplePie/src/Parse/ HTTP/1.1" 200 889 "https://www.gdrex.com/wp-includes/SimplePie/src/?C=M%3BO%3DA" "Mozilla/5.0 (Linux; Android 7.0;) AppleWebKit/537.36 (HTML, like Gecko) Mobile Safari/537.36 (compatible; PetalBot;+https://webmaster.petalsearch.com/site/petalbot)"
114.119.135.182 - - [14/May/2026:14:50:47 +0300] "GET /wp-includes/css/dist/block-directory/?C=D%3BO%3DA HTTP/1.1" 200 1442 "https://www.gdrex.com/wp-includes/css/dist/block-directory/" "Mozilla/5.0 (Linux; Android 7.0;) AppleWebKit/537.36 (HTML, like Gecko) Mobile Safari/537.36 (compatible; PetalBot;+https://webmaster.petalsearch.com/site/petalbot)"
114.119.159.226 - - [14/May/2026:14:54:29 +0300] "GET /wp-includes/SimplePie/src/Item.php HTTP/1.1" 500 - "https://www.gdrex.com/wp-includes/SimplePie/src/?C=M%3BO%3DA" "Mozilla/5.0 (Linux; Android 7.0;) AppleWebKit/537.36 (HTML, like Gecko) Mobile Safari/537.36 (compatible; PetalBot;+https://webmaster.petalsearch.com/site/petalbot)"
114.119.151.185 - - [14/May/2026:15:02:10 +0300] "GET /wp-includes/rest-api/endpoints/class-wp-rest-widgets-controller.php HTTP/1.1" 500 - "https://www.gdrex.com/wp-includes/rest-api/endpoints/?C=S%3BO%3DA" "Mozilla/5.0 (Linux; Android 7.0;) AppleWebKit/537.36 (HTML, like Gecko) Mobile Safari/537.36 (compatible; PetalBot;+https://webmaster.petalsearch.com/site/petalbot)"
77.81.237.91 - - [14/May/2026:15:04:35 +0300] "GET /wp-json/wp/v2/users HTTP/1.1" 415 869 "-" "Mozilla/5.0 (Windows NT 10.0; Win64; x64; rv:67.0) Gecko/20100101 Firefox/67.0"
77.81.237.91 - - [14/May/2026:15:04:42 +0300] "GET /wp-json/wp/v2/users?search=xtw HTTP/1.1" 415 869 "-" "Mozilla/5.0 (Windows NT 10.0; Win64; x64; rv:67.0) Gecko/20100101 Firefox/67.0"
77.81.237.91 - - [14/May/2026:15:04:48 +0300] "GET /?author=1 HTTP/1.1" 415 149138 "-" "Mozilla/5.0 (Windows NT 10.0; Win64; x64; rv:58.0) Gecko/20100101 Firefox/58.0"
114.119.129.97 - - [14/May/2026:15:04:54 +0300] "GET /wp-includes/SimplePie/src/Registry.php HTTP/1.1" 200 - "https://www.gdrex.com/wp-includes/SimplePie/src/?C=M%3BO%3DA" "Mozilla/5.0 (Linux; Android 7.0;) AppleWebKit/537.36 (HTML, like Gecko) Mobile Safari/537.36 (compatible; PetalBot;+https://webmaster.petalsearch.com/site/petalbot)"
77.81.237.91 - - [14/May/2026:15:04:54 +0300] "GET /?author=2 HTTP/1.1" 415 149138 "-" "Mozilla/5.0 (Windows NT 10.0; Win64; x64; rv:78.0) Gecko/20100101 Firefox/78.0"
77.81.237.91 - - [14/May/2026:15:05:00 +0300] "GET /?author=3 HTTP/1.1" 415 149138 "-" "Mozilla/5.0 (Windows NT 10.0; Win64; x64; rv:80.0) Gecko/20100101 Firefox/80.0"
77.81.237.91 - - [14/May/2026:15:05:06 +0300] "GET /?author=4 HTTP/1.1" 415 149138 "-" "Mozilla/5.0 (Windows NT 10.0; Win64; x64; rv:46.0) Gecko/20100101 Firefox/46.0"
77.81.237.91 - - [14/May/2026:15:05:12 +0300] "GET /?author=5 HTTP/1.1" 415 149138 "-" "Mozilla/5.0 (Windows NT 10.0; Win64; x64; rv:98.0) Gecko/20100101 Firefox/98.0"
77.81.237.91 - - [14/May/2026:15:05:20 +0300] "GET /?author=6 HTTP/1.1" 415 149138 "-" "Mozilla/5.0 (Windows NT 10.0; Win64; x64; rv:99.0) Gecko/20100101 Firefox/99.0"
77.81.237.91 - - [14/May/2026:15:05:27 +0300] "GET /?author=7 HTTP/1.1" 415 149138 "-" "Mozilla/5.0 (Windows NT 10.0; Win64; x64; rv:74.0) Gecko/20100101 Firefox/74.0"
77.81.237.91 - - [14/May/2026:15:05:33 +0300] "GET /?author=8 HTTP/1.1" 415 149138 "-" "Mozilla/5.0 (Windows NT 10.0; Win64; x64; rv:59.0) Gecko/20100101 Firefox/59.0"
77.81.237.91 - - [14/May/2026:15:05:39 +0300] "GET /?author=9 HTTP/1.1" 415 149138 "-" "Mozilla/5.0 (Windows NT 10.0; Win64; x64; rv:84.0) Gecko/20100101 Firefox/84.0"
77.81.237.91 - - [14/May/2026:15:05:45 +0300] "GET /?author=10 HTTP/1.1" 415 149138 "-" "Mozilla/5.0 (Windows NT 10.0; Win64; x64; rv:41.0) Gecko/20100101 Firefox/41.0"
77.81.237.91 - - [14/May/2026:15:05:51 +0300] "GET /?author=11 HTTP/1.1" 415 149138 "-" "Mozilla/5.0 (Windows NT 10.0; Win64; x64; rv:50.0) Gecko/20100101 Firefox/50.0"
77.81.237.91 - - [14/May/2026:15:05:57 +0300] "GET /?author=12 HTTP/1.1" 415 149138 "-" "Mozilla/5.0 (Windows NT 10.0; Win64; x64; rv:84.0) Gecko/20100101 Firefox/84.0"
77.81.237.91 - - [14/May/2026:15:06:03 +0300] "GET /?author=13 HTTP/1.1" 415 149138 "-" "Mozilla/5.0 (Windows NT 10.0; Win64; x64; rv:70.0) Gecko/20100101 Firefox/70.0"
77.81.237.91 - - [14/May/2026:15:06:09 +0300] "GET /?author=14 HTTP/1.1" 415 149138 "-" "Mozilla/5.0 (Windows NT 10.0; Win64; x64; rv:75.0) Gecko/20100101 Firefox/75.0"
77.81.237.91 - - [14/May/2026:15:06:15 +0300] "GET /?author=15 HTTP/1.1" 415 149138 "-" "Mozilla/5.0 (Windows NT 10.0; Win64; x64; rv:86.0) Gecko/20100101 Firefox/86.0"
129.212.225.83 - - [14/May/2026:15:07:06 +0300] "GET /license.txt HTTP/1.1" 404 51378 "-" "python-requests/2.27.1"
114.119.133.245 - - [14/May/2026:15:07:15 +0300] "GET /wp-includes/SimplePie/src/HTTP/?C=D%3BO%3DA HTTP/1.1" 200 889 "https://www.gdrex.com/wp-includes/SimplePie/src/HTTP/" "Mozilla/5.0 (Linux; Android 7.0;) AppleWebKit/537.36 (HTML, like Gecko) Mobile Safari/537.36 (compatible; PetalBot;+https://webmaster.petalsearch.com/site/petalbot)"
114.119.129.97 - - [14/May/2026:15:09:21 +0300] "GET /wp-includes/SimplePie/src/Gzdecode.php HTTP/1.1" 200 - "https://www.gdrex.com/wp-includes/SimplePie/src/?C=M%3BO%3DA" "Mozilla/5.0 (Linux; Android 7.0;) AppleWebKit/537.36 (HTML, like Gecko) Mobile Safari/537.36 (compatible; PetalBot;+https://webmaster.petalsearch.com/site/petalbot)"
114.119.159.254 - - [14/May/2026:15:14:34 +0300] "GET /wp-includes/SimplePie/src/Credit.php HTTP/1.1" 200 - "https://www.gdrex.com/wp-includes/SimplePie/src/?C=M%3BO%3DA" "Mozilla/5.0 (Linux; Android 7.0;) AppleWebKit/537.36 (HTML, like Gecko) Mobile Safari/537.36 (compatible; PetalBot;+https://webmaster.petalsearch.com/site/petalbot)"
114.119.135.182 - - [14/May/2026:15:16:10 +0300] "GET /wp-includes/SimplePie/src/Decode/ HTTP/1.1" 200 888 "https://www.gdrex.com/wp-includes/SimplePie/src/?C=M%3BO%3DA" "Mozilla/5.0 (Linux; Android 7.0;) AppleWebKit/537.36 (HTML, like Gecko) Mobile Safari/537.36 (compatible; PetalBot;+https://webmaster.petalsearch.com/site/petalbot)"
114.119.151.185 - - [14/May/2026:15:17:29 +0300] "GET /wp-includes/SimplePie/src/Content/?C=S%3BO%3DA HTTP/1.1" 200 890 "https://www.gdrex.com/wp-includes/SimplePie/src/Content/" "Mozilla/5.0 (Linux; Android 7.0;) AppleWebKit/537.36 (HTML, like Gecko) Mobile Safari/537.36 (compatible; PetalBot;+https://webmaster.petalsearch.com/site/petalbot)"
114.119.159.254 - - [14/May/2026:15:19:07 +0300] "GET /wp-includes/SimplePie/src/Content/?C=N%3BO%3DD HTTP/1.1" 200 890 "https://www.gdrex.com/wp-includes/SimplePie/src/Content/" "Mozilla/5.0 (Linux; Android 7.0;) AppleWebKit/537.36 (HTML, like Gecko) Mobile Safari/537.36 (compatible; PetalBot;+https://webmaster.petalsearch.com/site/petalbot)"
114.119.133.245 - - [14/May/2026:15:20:59 +0300] "GET /wp-includes/SimplePie/src/?C=N%3BO%3DD HTTP/1.1" 200 6029 "https://www.gdrex.com/wp-includes/SimplePie/src/?C=M%3BO%3DA" "Mozilla/5.0 (Linux; Android 7.0;) AppleWebKit/537.36 (HTML, like Gecko) Mobile Safari/537.36 (compatible; PetalBot;+https://webmaster.petalsearch.com/site/petalbot)"
114.119.135.182 - - [14/May/2026:15:22:42 +0300] "GET /wp-includes/SimplePie/library/ HTTP/1.1" 200 1064 "https://www.gdrex.com/wp-includes/SimplePie/?C=M%3BO%3DA" "Mozilla/5.0 (Linux; Android 7.0;) AppleWebKit/537.36 (HTML, like Gecko) Mobile Safari/537.36 (compatible; PetalBot;+https://webmaster.petalsearch.com/site/petalbot)"
114.119.135.182 - - [14/May/2026:15:23:51 +0300] "GET /wp-includes/Requests/src/ HTTP/1.1" 200 4964 "https://www.gdrex.com/wp-includes/Requests/" "Mozilla/5.0 (Linux; Android 7.0;) AppleWebKit/537.36 (HTML, like Gecko) Mobile Safari/537.36 (compatible; PetalBot;+https://webmaster.petalsearch.com/site/petalbot)"
114.119.133.245 - - [14/May/2026:15:25:24 +0300] "GET /wp-includes/css/dist/edit-site/posts-rtl.min.css HTTP/1.1" 200 47865 "https://www.gdrex.com/wp-includes/css/dist/edit-site/" "Mozilla/5.0 (Linux; Android 7.0;) AppleWebKit/537.36 (HTML, like Gecko) Mobile Safari/537.36 (compatible; PetalBot;+https://webmaster.petalsearch.com/site/petalbot)"
75.132.229.159 - - [14/May/2026:15:25:29 +0300] "GET / HTTP/1.1" 200 149138 "https://www.yandex.com/" "Mozilla/5.0 (Linux; Android 14; Pixel 6 Pro) AppleWebKit/537.36 (KHTML, like Gecko) Chrome/122.0.6261.119 Mobile Safari/537.36 OPR/81.2.4292.78581"
114.119.129.97 - - [14/May/2026:15:27:16 +0300] "GET /wp-includes/IXR/?C=D%3BO%3DA HTTP/1.1" 200 2573 "https://www.gdrex.com/wp-includes/IXR/" "Mozilla/5.0 (Linux; Android 7.0;) AppleWebKit/537.36 (HTML, like Gecko) Mobile Safari/537.36 (compatible; PetalBot;+https://webmaster.petalsearch.com/site/petalbot)"
114.119.135.182 - - [14/May/2026:15:29:14 +0300] "GET /wp-includes/ID3/module.tag.lyrics3.php HTTP/1.1" 200 - "https://www.gdrex.com/wp-includes/ID3/?C=M%3BO%3DA" "Mozilla/5.0 (Linux; Android 7.0;) AppleWebKit/537.36 (HTML, like Gecko) Mobile Safari/537.36 (compatible; PetalBot;+https://webmaster.petalsearch.com/site/petalbot)"
195.20.18.40 - - [14/May/2026:16:01:38 +0300] "POST /wp-cron.php?doing_wp_cron=1778763697.6829400062561035156250 HTTP/1.1" 200 - "-" "WordPress/6.8.3; https://www.gdrex.com"
216.73.217.6 - - [14/May/2026:16:01:36 +0300] "GET /robots.txt HTTP/1.1" 200 114 "-" "Mozilla/5.0 AppleWebKit/537.36 (KHTML, like Gecko; compatible; ClaudeBot/1.0; +claudebot@anthropic.com)"
216.73.217.6 - - [14/May/2026:16:01:38 +0300] "GET /wp-sitemap.xml HTTP/1.1" 200 447 "-" "Mozilla/5.0 AppleWebKit/537.36 (KHTML, like Gecko; compatible; ClaudeBot/1.0; +claudebot@anthropic.com)"
185.247.137.109 - - [14/May/2026:16:08:49 +0300] "GET / HTTP/1.1" 415 149138 "https://gdrex.com/" "Mozilla/5.0 (compatible; InternetMeasurement/1.0; +https://internet-measurement.com/)"
2a03:2880:f806:49:: - - [14/May/2026:16:21:47 +0300] "GET /faq/ HTTP/1.1" 200 73479 "-" "meta-externalagent/1.1 (+https://developers.facebook.com/docs/sharing/webmasters/crawler)"
195.20.18.40 - - [14/May/2026:16:28:30 +0300] "GET /.well-known/acme-challenge/AE6NDNKV2F6F3SV8OPN3YIL39ITF2W4D HTTP/1.1" 200 64 "-" "Cpanel-HTTP-Client/1.0"
195.20.18.40 - - [14/May/2026:16:28:30 +0300] "GET /.well-known/acme-challenge/N3JZ-D94O5JE-Y7Y_YFO5PC5ZNZKWS4L HTTP/1.1" 200 64 "-" "Cpanel-HTTP-Client/1.0"
114.119.139.107 - - [14/May/2026:16:53:19 +0300] "GET /wp-includes/css/wp-embed-template-ie.css HTTP/1.1" 200 1477 "https://www.gdrex.com/wp-includes/css/?C=D%3BO%3DA" "Mozilla/5.0 (Linux; Android 7.0;) AppleWebKit/537.36 (KHTML, like Gecko) Mobile Safari/537.36 (compatible; PetalBot;+https://webmaster.petalsearch.com/site/petalbot)"
114.119.135.182 - - [14/May/2026:17:17:45 +0300] "GET /wp-includes/rest-api/endpoints/class-wp-rest-users-controller.php HTTP/1.1" 500 - "https://www.gdrex.com/wp-includes/rest-api/endpoints/?C=S%3BO%3DA" "Mozilla/5.0 (Linux; Android 7.0;) AppleWebKit/537.36 (KHTML, like Gecko) Mobile Safari/537.36 (compatible; PetalBot;+https://webmaster.petalsearch.com/site/petalbot)"
114.119.159.254 - - [14/May/2026:17:29:52 +0300] "GET /wp-includes/block-patterns/query-grid-posts.php HTTP/1.1" 500 - "https://www.gdrex.com/wp-includes/block-patterns/?C=D%3BO%3DA" "Mozilla/5.0 (Linux; Android 7.0;) AppleWebKit/537.36 (HTML, like Gecko) Mobile Safari/537.36 (compatible; PetalBot;+https://webmaster.petalsearch.com/site/petalbot)"
216.73.217.6 - - [14/May/2026:17:38:03 +0300] "GET /wp-includes/ HTTP/1.1" 200 51916 "-" "Mozilla/5.0 AppleWebKit/537.36 (KHTML, like Gecko; compatible; ClaudeBot/1.0; +claudebot@anthropic.com)"
114.119.143.174 - - [14/May/2026:17:40:54 +0300] "GET /wp-includes/class-wp-block-parser-block.php HTTP/1.1" 200 - "https://www.gdrex.com/wp-includes/?C=S%3BO%3DA" "Mozilla/5.0 (Linux; Android 7.0;) AppleWebKit/537.36 (KHTML, like Gecko) Mobile Safari/537.36 (compatible; PetalBot;+https://webmaster.petalsearch.com/site/petalbot)"
195.20.18.40 - - [14/May/2026:17:47:36 +0300] "POST /wp-cron.php?doing_wp_cron=1778770056.4966530799865722656250 HTTP/1.1" 200 - "-" "WordPress/6.8.3; https://www.gdrex.com"
176.65.139.229 - - [14/May/2026:17:47:34 +0300] "GET / HTTP/1.1" 415 149138 "-" "Mozilla/5.0 (Windows NT 10.0; Win64; x64) AppleWebKit/537.36 (KHTML, like Gecko) Chrome/147.0.0.0 Safari/537.36"
217.113.194.21 - - [14/May/2026:17:56:48 +0300] "GET / HTTP/1.1" 200 149138 "-" "Mozilla/5.0 (compatible; Barkrowler/0.9; +https://babbar.tech/crawler)"
217.113.194.14 - - [14/May/2026:17:57:06 +0300] "GET /privacy-policy/ HTTP/1.1" 200 58897 "-" "Mozilla/5.0 (compatible; Barkrowler/0.9; +https://babbar.tech/crawler)"
217.113.194.20 - - [14/May/2026:17:57:27 +0300] "GET /contact-us/ HTTP/1.1" 200 76408 "-" "Mozilla/5.0 (compatible; Barkrowler/0.9; +https://babbar.tech/crawler)"
217.113.194.205 - - [14/May/2026:17:57:43 +0300] "GET /service-terms/ HTTP/1.1" 200 59346 "-" "Mozilla/5.0 (compatible; Barkrowler/0.9; +https://babbar.tech/crawler)"
217.113.194.15 - - [14/May/2026:17:57:59 +0300] "GET /our-services/ HTTP/1.1" 200 99512 "-" "Mozilla/5.0 (compatible; Barkrowler/0.9; +https://babbar.tech/crawler)"
150.109.12.46 - - [14/May/2026:18:03:48 +0300] "GET / HTTP/1.1" 200 11818 "https://gdrex.com/" "Mozilla/5.0 (iPhone; CPU iPhone OS 13_2_3 like Mac OS X) AppleWebKit/605.1.15 (KHTML, like Gecko) Version/13.0.3 Mobile/15E148 Safari/604.1"
154.83.211.58 - - [14/May/2026:18:06:29 +0300] "GET /zv1.php HTTP/1.1" 404 51378 "-" "Mozilla/5.0 (Windows NT 10.0; WOW64; rv:48.0) Gecko/20100101 Firefox/48.0"
66.249.70.193 - - [14/May/2026:18:07:14 +0300] "GET / HTTP/1.1" 200 149138 "-" "Mozilla/5.0 (Linux; Android 6.0.1; Nexus 5X Build/MMB29P) AppleWebKit/537.36 (KHTML, like Gecko) Chrome/148.0.7778.96 Mobile Safari/537.36 (compatible; Googlebot/2.1; +http://www.google.com/bot.html)"
66.249.70.193 - - [14/May/2026:18:07:21 +0300] "GET /wp-content/plugins/elementor/assets/css/widget-divider.min.css?ver=3.33.1 HTTP/1.1" 200 4258 "https://www.gdrex.com/" "Mozilla/5.0 (Linux; Android 6.0.1; Nexus 5X Build/MMB29P) AppleWebKit/537.36 (KHTML, like Gecko) Chrome/148.0.7778.96 Mobile Safari/537.36 (compatible; Googlebot/2.1; +http://www.google.com/bot.html)"
66.249.70.194 - - [14/May/2026:18:07:22 +0300] "GET /wp-content/plugins/metform/public/assets/lib/cute-alert/cute-alert.js?ver=4.0.6 HTTP/1.1" 200 3516 "https://www.gdrex.com/" "Mozilla/5.0 (Linux; Android 6.0.1; Nexus 5X Build/MMB29P) AppleWebKit/537.36 (KHTML, like Gecko) Chrome/148.0.7778.96 Mobile Safari/537.36 (compatible; Googlebot/2.1; +http://www.google.com/bot.html)"
66.249.70.193 - - [14/May/2026:18:07:22 +0300] "GET /wp-content/plugins/elementor-pro/assets/css/modules/motion-fx.min.css?ver=3.32.1 HTTP/1.1" 200 778 "https://www.gdrex.com/" "Mozilla/5.0 (Linux; Android 6.0.1; Nexus 5X Build/MMB29P) AppleWebKit/537.36 (KHTML, like Gecko) Chrome/148.0.7778.96 Mobile Safari/537.36 (compatible; Googlebot/2.1; +http://www.google.com/bot.html)"
66.249.70.194 - - [14/May/2026:18:07:22 +0300] "GET /wp-content/plugins/elementor/assets/lib/font-awesome/js/v4-shims.min.js?ver=3.33.1 HTTP/1.1" 200 15073 "https://www.gdrex.com/" "Mozilla/5.0 (Linux; Android 6.0.1; Nexus 5X Build/MMB29P) AppleWebKit/537.36 (KHTML, like Gecko) Chrome/148.0.7778.96 Mobile Safari/537.36 (compatible; Googlebot/2.1; +http://www.google.com/bot.html)"
66.249.70.194 - - [14/May/2026:18:07:23 +0300] "GET /wp-content/plugins/elementor/assets/lib/animations/styles/zoomInDown.min.css?ver=3.33.1 HTTP/1.1" 200 320 "https://www.gdrex.com/" "Mozilla/5.0 (Linux; Android 6.0.1; Nexus 5X Build/MMB29P) AppleWebKit/537.36 (KHTML, like Gecko) Chrome/148.0.7778.96 Mobile Safari/537.36 (compatible; Googlebot/2.1; +http://www.google.com/bot.html)"
66.249.70.194 - - [14/May/2026:18:07:23 +0300] "GET /wp-content/themes/hello-elementor/assets/css/header-footer.css?ver=3.4.5 HTTP/1.1" 200 7182 "https://www.gdrex.com/" "Mozilla/5.0 (Linux; Android 6.0.1; Nexus 5X Build/MMB29P) AppleWebKit/537.36 (KHTML, like Gecko) Chrome/148.0.7778.96 Mobile Safari/537.36 (compatible; Googlebot/2.1; +http://www.google.com/bot.html)"
66.249.70.193 - - [14/May/2026:18:07:24 +0300] "GET /wp-includes/js/wp-emoji-release.min.js?ver=6.8.3 HTTP/1.1" 200 19251 "https://www.gdrex.com/" "Mozilla/5.0 (Linux; Android 6.0.1; Nexus 5X Build/MMB29P) AppleWebKit/537.36 (KHTML, like Gecko) Chrome/148.0.7778.96 Mobile Safari/537.36 (compatible; Googlebot/2.1; +http://www.google.com/bot.html)"
66.249.70.193 - - [14/May/2026:18:07:25 +0300] "GET /wp-content/plugins/elementor/assets/js/shared-frontend-handlers.03caa53373b56d3bab67.bundle.min.js HTTP/1.1" 200 8481 "https://www.gdrex.com/" "Mozilla/5.0 (Linux; Android 6.0.1; Nexus 5X Build/MMB29P) AppleWebKit/537.36 (KHTML, like Gecko) Chrome/148.0.7778.96 Mobile Safari/537.36 (compatible; Googlebot/2.1; +http://www.google.com/bot.html)"
114.119.159.226 - - [14/May/2026:18:22:54 +0300] "GET /wp-includes/css/dist/edit-site/posts.min.css HTTP/1.1" 200 47858 "https://www.gdrex.com/wp-includes/css/dist/edit-site/" "Mozilla/5.0 (Linux; Android 7.0;) AppleWebKit/537.36 (HTML, like Gecko) Mobile Safari/537.36 (compatible; PetalBot;+https://webmaster.petalsearch.com/site/petalbot)"
172.212.217.10 - - [14/May/2026:18:23:58 +0300] "GET /wp-content/plugins/hellopress/wp_filemanager.php HTTP/1.1" 404 51378 "-" "-"
172.212.217.10 - - [14/May/2026:18:24:01 +0300] "GET /admin.php HTTP/1.1" 404 51378 "-" "-"
114.119.133.245 - - [14/May/2026:18:24:44 +0300] "GET /wp-includes/css/dist/block-library/style.min.css HTTP/1.1" 200 116345 "https://www.gdrex.com/wp-includes/css/dist/block-library/" "Mozilla/5.0 (Linux; Android 7.0;) AppleWebKit/537.36 (HTML, like Gecko) Mobile Safari/537.36 (compatible; PetalBot;+https://webmaster.petalsearch.com/site/petalbot)"
114.119.129.97 - - [14/May/2026:18:26:12 +0300] "GET /wp-includes/block-supports/generated-classname.php HTTP/1.1" 500 - "https://www.gdrex.com/wp-includes/block-supports/?C=D%3BO%3DA" "Mozilla/5.0 (Linux; Android 7.0;) AppleWebKit/537.36 (HTML, like Gecko) Mobile Safari/537.36 (compatible; PetalBot;+https://webmaster.petalsearch.com/site/petalbot)"
114.119.159.226 - - [14/May/2026:18:29:16 +0300] "GET /wp-includes/block-supports/block-style-variations.php HTTP/1.1" 500 - "https://www.gdrex.com/wp-includes/block-supports/?C=D%3BO%3DA" "Mozilla/5.0 (Linux; Android 7.0;) AppleWebKit/537.36 (HTML, like Gecko) Mobile Safari/537.36 (compatible; PetalBot;+https://webmaster.petalsearch.com/site/petalbot)"
195.20.18.40 - - [14/May/2026:18:33:58 +0300] "POST /wp-cron.php?doing_wp_cron=1778772837.6276490688323974609375 HTTP/1.1" 200 - "-" "WordPress/6.8.3; https://www.gdrex.com"
114.119.159.226 - - [14/May/2026:18:33:55 +0300] "GET /metform-form/new-form-1763785300/ HTTP/1.1" 200 42682 "https://www.gdrex.com/wp-sitemap-posts-metform-form-1.xml" "Mozilla/5.0 (Linux; Android 7.0;) AppleWebKit/537.36 (KHTML, like Gecko) Mobile Safari/537.36 (compatible; PetalBot;+https://webmaster.petalsearch.com/site/petalbot)"
216.73.217.6 - - [14/May/2026:18:34:38 +0300] "GET /wp-includes/blocks.php HTTP/1.1" 200 - "-" "Mozilla/5.0 AppleWebKit/537.36 (KHTML, like Gecko; compatible; ClaudeBot/1.0; +claudebot@anthropic.com)"
216.73.217.6 - - [14/May/2026:18:34:38 +0300] "GET /wp-includes/version.php HTTP/1.1" 200 - "-" "Mozilla/5.0 AppleWebKit/537.36 (KHTML, like Gecko; compatible; ClaudeBot/1.0; +claudebot@anthropic.com)"
216.73.217.6 - - [14/May/2026:18:34:39 +0300] "GET /wp-includes/template.php HTTP/1.1" 200 - "-" "Mozilla/5.0 AppleWebKit/537.36 (KHTML, like Gecko; compatible; ClaudeBot/1.0; +claudebot@anthropic.com)"
216.73.217.6 - - [14/May/2026:18:34:40 +0300] "GET /wp-includes/load.php HTTP/1.1" 200 - "-" "Mozilla/5.0 AppleWebKit/537.36 (KHTML, like Gecko; compatible; ClaudeBot/1.0; +claudebot@anthropic.com)"
216.73.217.6 - - [14/May/2026:18:34:40 +0300] "GET /wp-includes/class-wp-scripts.php HTTP/1.1" 500 - "-" "Mozilla/5.0 AppleWebKit/537.36 (KHTML, like Gecko; compatible; ClaudeBot/1.0; +claudebot@anthropic.com)"
216.73.217.6 - - [14/May/2026:18:34:41 +0300] "GET /wp-includes/date.php HTTP/1.1" 500 - "-" "Mozilla/5.0 AppleWebKit/537.36 (KHTML, like Gecko; compatible; ClaudeBot/1.0; +claudebot@anthropic.com)"
216.73.217.6 - - [14/May/2026:18:34:41 +0300] "GET /wp-includes/user.php HTTP/1.1" 200 - "-" "Mozilla/5.0 AppleWebKit/537.36 (KHTML, like Gecko; compatible; ClaudeBot/1.0; +claudebot@anthropic.com)"
216.73.217.6 - - [14/May/2026:18:34:42 +0300] "GET /wp-includes/update.php HTTP/1.1" 200 2 "-" "Mozilla/5.0 AppleWebKit/537.36 (KHTML, like Gecko; compatible; ClaudeBot/1.0; +claudebot@anthropic.com)"
216.73.217.6 - - [14/May/2026:18:34:42 +0300] "GET /wp-includes/theme.php HTTP/1.1" 200 - "-" "Mozilla/5.0 AppleWebKit/537.36 (KHTML, like Gecko; compatible; ClaudeBot/1.0; +claudebot@anthropic.com)"
216.73.217.6 - - [14/May/2026:18:34:43 +0300] "GET /wp-includes/class-http.php HTTP/1.1" 500 - "-" "Mozilla/5.0 AppleWebKit/537.36 (KHTML, like Gecko; compatible; ClaudeBot/1.0; +claudebot@anthropic.com)"
216.73.217.6 - - [14/May/2026:18:34:43 +0300] "GET /wp-includes/query.php HTTP/1.1" 200 - "-" "Mozilla/5.0 AppleWebKit/537.36 (KHTML, like Gecko; compatible; ClaudeBot/1.0; +claudebot@anthropic.com)"
216.73.217.6 - - [14/May/2026:18:34:44 +0300] "GET /wp-includes/session.php HTTP/1.1" 500 - "-" "Mozilla/5.0 AppleWebKit/537.36 (KHTML, like Gecko; compatible; ClaudeBot/1.0; +claudebot@anthropic.com)"
216.73.217.6 - - [14/May/2026:18:34:45 +0300] "GET /wp-includes/wp-diff.php HTTP/1.1" 200 2 "-" "Mozilla/5.0 AppleWebKit/537.36 (KHTML, like Gecko; compatible; ClaudeBot/1.0; +claudebot@anthropic.com)"
216.73.217.6 - - [14/May/2026:18:34:45 +0300] "GET /wp-includes/atomlib.php HTTP/1.1" 200 - "-" "Mozilla/5.0 AppleWebKit/537.36 (KHTML, like Gecko; compatible; ClaudeBot/1.0; +claudebot@anthropic.com)"
216.73.217.6 - - [14/May/2026:18:34:46 +0300] "GET /wp-includes/comment.php HTTP/1.1" 200 - "-" "Mozilla/5.0 AppleWebKit/537.36 (KHTML, like Gecko; compatible; ClaudeBot/1.0; +claudebot@anthropic.com)"
216.73.217.6 - - [14/May/2026:18:34:46 +0300] "GET /wp-includes/embed.php HTTP/1.1" 200 - "-" "Mozilla/5.0 AppleWebKit/537.36 (KHTML, like Gecko; compatible; ClaudeBot/1.0; +claudebot@anthropic.com)"
216.73.217.6 - - [14/May/2026:18:34:46 +0300] "GET /wp-includes/script-modules.php HTTP/1.1" 200 - "-" "Mozilla/5.0 AppleWebKit/537.36 (KHTML, like Gecko; compatible; ClaudeBot/1.0; +claudebot@anthropic.com)"
216.73.217.6 - - [14/May/2026:18:34:47 +0300] "GET /wp-includes/https-migration.php HTTP/1.1" 200 - "-" "Mozilla/5.0 AppleWebKit/537.36 (KHTML, like Gecko; compatible; ClaudeBot/1.0; +claudebot@anthropic.com)"
216.73.217.6 - - [14/May/2026:18:34:47 +0300] "GET /wp-includes/http.php HTTP/1.1" 200 - "-" "Mozilla/5.0 AppleWebKit/537.36 (KHTML, like Gecko; compatible; ClaudeBot/1.0; +claudebot@anthropic.com)"
216.73.217.6 - - [14/May/2026:18:34:48 +0300] "GET /wp-includes/plugin.php HTTP/1.1" 200 - "-" "Mozilla/5.0 AppleWebKit/537.36 (KHTML, like Gecko; compatible; ClaudeBot/1.0; +claudebot@anthropic.com)"
216.73.217.6 - - [14/May/2026:18:34:48 +0300] "GET /wp-includes/https-detection.php HTTP/1.1" 200 - "-" "Mozilla/5.0 AppleWebKit/537.36 (KHTML, like Gecko; compatible; ClaudeBot/1.0; +claudebot@anthropic.com)"
216.73.217.6 - - [14/May/2026:18:34:49 +0300] "GET /wp-includes/class-wp-error.php HTTP/1.1" 200 - "-" "Mozilla/5.0 AppleWebKit/537.36 (KHTML, like Gecko; compatible; ClaudeBot/1.0; +claudebot@anthropic.com)"
216.73.217.6 - - [14/May/2026:18:34:50 +0300] "GET /wp-includes/class-wp-editor.php HTTP/1.1" 200 - "-" "Mozilla/5.0 AppleWebKit/537.36 (KHTML, like Gecko; compatible; ClaudeBot/1.0; +claudebot@anthropic.com)"
216.73.217.6 - - [14/May/2026:18:34:50 +0300] "GET /wp-includes/rewrite.php HTTP/1.1" 200 - "-" "Mozilla/5.0 AppleWebKit/537.36 (KHTML, like Gecko; compatible; ClaudeBot/1.0; +claudebot@anthropic.com)"
216.73.217.6 - - [14/May/2026:18:34:51 +0300] "GET /wp-includes/option.php HTTP/1.1" 200 - "-" "Mozilla/5.0 AppleWebKit/537.36 (KHTML, like Gecko; compatible; ClaudeBot/1.0; +claudebot@anthropic.com)"
216.73.217.6 - - [14/May/2026:18:35:02 +0300] "GET /wp-includes/class-IXR.php HTTP/1.1" 200 2 "-" "Mozilla/5.0 AppleWebKit/537.36 (KHTML, like Gecko; compatible; ClaudeBot/1.0; +claudebot@anthropic.com)"
216.73.217.6 - - [14/May/2026:18:35:02 +0300] "GET /wp-includes/ms-network.php HTTP/1.1" 200 - "-" "Mozilla/5.0 AppleWebKit/537.36 (KHTML, like Gecko; compatible; ClaudeBot/1.0; +claudebot@anthropic.com)"
216.73.217.6 - - [14/May/2026:18:35:03 +0300] "GET /wp-includes/theme-previews.php HTTP/1.1" 200 - "-" "Mozilla/5.0 AppleWebKit/537.36 (KHTML, like Gecko; compatible; ClaudeBot/1.0; +claudebot@anthropic.com)"
216.73.217.6 - - [14/May/2026:18:35:03 +0300] "GET /wp-includes/cron.php HTTP/1.1" 200 - "-" "Mozilla/5.0 AppleWebKit/537.36 (KHTML, like Gecko; compatible; ClaudeBot/1.0; +claudebot@anthropic.com)"
216.73.217.6 - - [14/May/2026:18:35:04 +0300] "GET /wp-includes/class-feed.php HTTP/1.1" 500 - "-" "Mozilla/5.0 AppleWebKit/537.36 (KHTML, like Gecko; compatible; ClaudeBot/1.0; +claudebot@anthropic.com)"
216.73.217.6 - - [14/May/2026:18:35:04 +0300] "GET /wp-includes/class-oembed.php HTTP/1.1" 500 - "-" "Mozilla/5.0 AppleWebKit/537.36 (KHTML, like Gecko; compatible; ClaudeBot/1.0; +claudebot@anthropic.com)"
216.73.217.6 - - [14/May/2026:18:35:05 +0300] "GET /wp-includes/class-wpdb.php HTTP/1.1" 200 - "-" "Mozilla/5.0 AppleWebKit/537.36 (KHTML, like Gecko; compatible; ClaudeBot/1.0; +claudebot@anthropic.com)"
216.73.217.6 - - [14/May/2026:18:35:06 +0300] "GET /wp-includes/category.php HTTP/1.1" 404 51378 "-" "Mozilla/5.0 AppleWebKit/537.36 (KHTML, like Gecko; compatible; ClaudeBot/1.0; +claudebot@anthropic.com)"
216.73.217.6 - - [14/May/2026:18:35:05 +0300] "GET /wp-includes/bookmark.php HTTP/1.1" 404 51378 "-" "Mozilla/5.0 AppleWebKit/537.36 (KHTML, like Gecko; compatible; ClaudeBot/1.0; +claudebot@anthropic.com)"
216.73.217.6 - - [14/May/2026:18:35:08 +0300] "GET /wp-includes/rest-api.php HTTP/1.1" 404 51378 "-" "Mozilla/5.0 AppleWebKit/537.36 (KHTML, like Gecko; compatible; ClaudeBot/1.0; +claudebot@anthropic.com)"
216.73.217.6 - - [14/May/2026:18:35:09 +0300] "GET /wp-includes/style-engine.php HTTP/1.1" 404 51378 "-" "Mozilla/5.0 AppleWebKit/537.36 (KHTML, like Gecko; compatible; ClaudeBot/1.0; +claudebot@anthropic.com)"
216.73.217.6 - - [14/May/2026:18:35:09 +0300] "GET /wp-includes/comment-template.php HTTP/1.1" 404 51378 "-" "Mozilla/5.0 AppleWebKit/537.36 (KHTML, like Gecko; compatible; ClaudeBot/1.0; +claudebot@anthropic.com)"
216.73.217.6 - - [14/May/2026:18:35:10 +0300] "GET /wp-includes/html-api/ HTTP/1.1" 404 51378 "-" "Mozilla/5.0 AppleWebKit/537.36 (KHTML, like Gecko; compatible; ClaudeBot/1.0; +claudebot@anthropic.com)"
216.73.217.6 - - [14/May/2026:18:35:10 +0300] "GET /wp-includes/admin-bar.php HTTP/1.1" 404 51378 "-" "Mozilla/5.0 AppleWebKit/537.36 (KHTML, like Gecko; compatible; ClaudeBot/1.0; +claudebot@anthropic.com)"
216.73.217.6 - - [14/May/2026:18:35:11 +0300] "GET /wp-includes/theme.json HTTP/1.1" 404 51378 "-" "Mozilla/5.0 AppleWebKit/537.36 (KHTML, like Gecko; compatible; ClaudeBot/1.0; +claudebot@anthropic.com)"
216.73.217.6 - - [14/May/2026:18:35:11 +0300] "GET /wp-includes/embed-template.php HTTP/1.1" 404 51378 "-" "Mozilla/5.0 AppleWebKit/537.36 (KHTML, like Gecko; compatible; ClaudeBot/1.0; +claudebot@anthropic.com)"
216.73.217.6 - - [14/May/2026:18:35:12 +0300] "GET /wp-includes/deprecated.php HTTP/1.1" 404 51378 "-" "Mozilla/5.0 AppleWebKit/537.36 (KHTML, like Gecko; compatible; ClaudeBot/1.0; +claudebot@anthropic.com)"
216.73.217.6 - - [14/May/2026:18:35:20 +0300] "GET /wp-includes/capabilities.php HTTP/1.1" 404 51378 "-" "Mozilla/5.0 AppleWebKit/537.36 (KHTML, like Gecko; compatible; ClaudeBot/1.0; +claudebot@anthropic.com)"
216.73.217.6 - - [14/May/2026:18:35:20 +0300] "GET /wp-includes/class-wp-term.php HTTP/1.1" 404 51378 "-" "Mozilla/5.0 AppleWebKit/537.36 (KHTML, like Gecko; compatible; ClaudeBot/1.0; +claudebot@anthropic.com)"
216.73.217.6 - - [14/May/2026:18:35:20 +0300] "GET /wp-includes/SimplePie/ HTTP/1.1" 404 51378 "-" "Mozilla/5.0 AppleWebKit/537.36 (KHTML, like Gecko; compatible; ClaudeBot/1.0; +claudebot@anthropic.com)"
216.73.217.6 - - [14/May/2026:18:35:27 +0300] "GET /wp-includes/feed-atom-comments.php HTTP/1.1" 404 51378 "-" "Mozilla/5.0 AppleWebKit/537.36 (KHTML, like Gecko; compatible; ClaudeBot/1.0; +claudebot@anthropic.com)"
216.73.217.6 - - [14/May/2026:18:35:32 +0300] "GET /wp-includes/class-wp-user.php HTTP/1.1" 404 51378 "-" "Mozilla/5.0 AppleWebKit/537.36 (KHTML, like Gecko; compatible; ClaudeBot/1.0; +claudebot@anthropic.com)"
216.73.217.6 - - [14/May/2026:18:35:33 +0300] "GET /wp-includes/fonts.php HTTP/1.1" 404 51378 "-" "Mozilla/5.0 AppleWebKit/537.36 (KHTML, like Gecko; compatible; ClaudeBot/1.0; +claudebot@anthropic.com)"
216.73.217.6 - - [14/May/2026:18:35:36 +0300] "GET /wp-includes/robots-template.php HTTP/1.1" 404 51378 "-" "Mozilla/5.0 AppleWebKit/537.36 (KHTML, like Gecko; compatible; ClaudeBot/1.0; +claudebot@anthropic.com)"
216.73.217.6 - - [14/May/2026:18:35:37 +0300] "GET /wp-includes/class-wp-query.php HTTP/1.1" 404 51378 "-" "Mozilla/5.0 AppleWebKit/537.36 (KHTML, like Gecko; compatible; ClaudeBot/1.0; +claudebot@anthropic.com)"
216.73.217.6 - - [14/May/2026:18:35:38 +0300] "GET /wp-includes/class-wp-oembed-controller.php HTTP/1.1" 404 51378 "-" "Mozilla/5.0 AppleWebKit/537.36 (KHTML, like Gecko; compatible; ClaudeBot/1.0; +claudebot@anthropic.com)"
216.73.217.6 - - [14/May/2026:18:35:40 +0300] "GET /wp-includes/ms-settings.php HTTP/1.1" 404 51378 "-" "Mozilla/5.0 AppleWebKit/537.36 (KHTML, like Gecko; compatible; ClaudeBot/1.0; +claudebot@anthropic.com)"
216.73.217.6 - - [14/May/2026:18:35:41 +0300] "GET /wp-includes/block-patterns/ HTTP/1.1" 404 51378 "-" "Mozilla/5.0 AppleWebKit/537.36 (KHTML, like Gecko; compatible; ClaudeBot/1.0; +claudebot@anthropic.com)"
216.73.217.6 - - [14/May/2026:18:35:42 +0300] "GET /wp-includes/pluggable-deprecated.php HTTP/1.1" 404 51378 "-" "Mozilla/5.0 AppleWebKit/537.36 (KHTML, like Gecko; compatible; ClaudeBot/1.0; +claudebot@anthropic.com)"
216.73.217.6 - - [14/May/2026:18:35:44 +0300] "GET /wp-includes/class-wp-post-type.php HTTP/1.1" 404 51378 "-" "Mozilla/5.0 AppleWebKit/537.36 (KHTML, like Gecko; compatible; ClaudeBot/1.0; +claudebot@anthropic.com)"
216.73.217.6 - - [14/May/2026:18:35:45 +0300] "GET /wp-includes/class-smtp.php HTTP/1.1" 500 - "-" "Mozilla/5.0 AppleWebKit/537.36 (KHTML, like Gecko; compatible; ClaudeBot/1.0; +claudebot@anthropic.com)"
216.73.217.6 - - [14/May/2026:18:35:46 +0300] "GET /wp-includes/widgets/ HTTP/1.1" 200 4656 "-" "Mozilla/5.0 AppleWebKit/537.36 (KHTML, like Gecko; compatible; ClaudeBot/1.0; +claudebot@anthropic.com)"
216.73.217.6 - - [14/May/2026:18:35:47 +0300] "GET /wp-includes/class-wp-image-editor.php HTTP/1.1" 200 - "-" "Mozilla/5.0 AppleWebKit/537.36 (KHTML, like Gecko; compatible; ClaudeBot/1.0; +claudebot@anthropic.com)"
216.73.217.6 - - [14/May/2026:18:35:48 +0300] "GET /wp-includes/class-wp-user-request.php HTTP/1.1" 200 - "-" "Mozilla/5.0 AppleWebKit/537.36 (KHTML, like Gecko; compatible; ClaudeBot/1.0; +claudebot@anthropic.com)"
216.73.217.6 - - [14/May/2026:18:35:49 +0300] "GET /wp-includes/revision.php HTTP/1.1" 200 - "-" "Mozilla/5.0 AppleWebKit/537.36 (KHTML, like Gecko; compatible; ClaudeBot/1.0; +claudebot@anthropic.com)"
216.73.217.6 - - [14/May/2026:18:35:50 +0300] "GET /wp-includes/class-wp-theme-json-data.php HTTP/1.1" 200 - "-" "Mozilla/5.0 AppleWebKit/537.36 (KHTML, like Gecko; compatible; ClaudeBot/1.0; +claudebot@anthropic.com)"
216.73.217.6 - - [14/May/2026:18:35:50 +0300] "GET /wp-includes/class-wp-http-streams.php HTTP/1.1" 200 - "-" "Mozilla/5.0 AppleWebKit/537.36 (KHTML, like Gecko; compatible; ClaudeBot/1.0; +claudebot@anthropic.com)"
216.73.217.6 - - [14/May/2026:18:35:52 +0300] "GET /wp-includes/class-wp-network-query.php HTTP/1.1" 200 - "-" "Mozilla/5.0 AppleWebKit/537.36 (KHTML, like Gecko; compatible; ClaudeBot/1.0; +claudebot@anthropic.com)"
216.73.217.6 - - [14/May/2026:18:35:53 +0300] "GET /wp-includes/class-pop3.php HTTP/1.1" 200 - "-" "Mozilla/5.0 AppleWebKit/537.36 (KHTML, like Gecko; compatible; ClaudeBot/1.0; +claudebot@anthropic.com)"
216.73.217.6 - - [14/May/2026:18:35:54 +0300] "GET /wp-includes/canonical.php HTTP/1.1" 200 - "-" "Mozilla/5.0 AppleWebKit/537.36 (KHTML, like Gecko; compatible; ClaudeBot/1.0; +claudebot@anthropic.com)"
216.73.217.6 - - [14/May/2026:18:35:55 +0300] "GET /wp-includes/IXR/ HTTP/1.1" 200 2573 "-" "Mozilla/5.0 AppleWebKit/537.36 (KHTML, like Gecko; compatible; ClaudeBot/1.0; +claudebot@anthropic.com)"
216.73.217.6 - - [14/May/2026:18:35:55 +0300] "GET /wp-includes/class.wp-dependencies.php HTTP/1.1" 500 - "-" "Mozilla/5.0 AppleWebKit/537.36 (KHTML, like Gecko; compatible; ClaudeBot/1.0; +claudebot@anthropic.com)"
216.73.217.6 - - [14/May/2026:18:35:58 +0300] "GET /wp-includes/ms-site.php HTTP/1.1" 200 - "-" "Mozilla/5.0 AppleWebKit/537.36 (KHTML, like Gecko; compatible; ClaudeBot/1.0; +claudebot@anthropic.com)"
216.73.217.6 - - [14/May/2026:18:35:58 +0300] "GET /wp-includes/class-wp-customize-control.php HTTP/1.1" 200 2 "-" "Mozilla/5.0 AppleWebKit/537.36 (KHTML, like Gecko; compatible; ClaudeBot/1.0; +claudebot@anthropic.com)"
216.73.217.6 - - [14/May/2026:18:35:59 +0300] "GET /wp-includes/post-formats.php HTTP/1.1" 200 - "-" "Mozilla/5.0 AppleWebKit/537.36 (KHTML, like Gecko; compatible; ClaudeBot/1.0; +claudebot@anthropic.com)"
216.73.217.6 - - [14/May/2026:18:36:00 +0300] "GET /wp-includes/class-wp-dependencies.php HTTP/1.1" 200 - "-" "Mozilla/5.0 AppleWebKit/537.36 (KHTML, like Gecko; compatible; ClaudeBot/1.0; +claudebot@anthropic.com)"
216.73.217.6 - - [14/May/2026:18:36:01 +0300] "GET /wp-includes/l10n.php HTTP/1.1" 200 - "-" "Mozilla/5.0 AppleWebKit/537.36 (KHTML, like Gecko; compatible; ClaudeBot/1.0; +claudebot@anthropic.com)"
216.73.217.6 - - [14/May/2026:18:36:02 +0300] "GET /wp-includes/template-canvas.php HTTP/1.1" 500 - "-" "Mozilla/5.0 AppleWebKit/537.36 (KHTML, like Gecko; compatible; ClaudeBot/1.0; +claudebot@anthropic.com)"
216.73.217.6 - - [14/May/2026:18:36:03 +0300] "GET /wp-includes/class-wp-term-query.php HTTP/1.1" 200 - "-" "Mozilla/5.0 AppleWebKit/537.36 (KHTML, like Gecko; compatible; ClaudeBot/1.0; +claudebot@anthropic.com)"
216.73.217.6 - - [14/May/2026:18:36:04 +0300] "GET /wp-includes/class-wp-user-query.php HTTP/1.1" 200 - "-" "Mozilla/5.0 AppleWebKit/537.36 (KHTML, like Gecko; compatible; ClaudeBot/1.0; +claudebot@anthropic.com)"
216.73.217.6 - - [14/May/2026:18:36:05 +0300] "GET /wp-includes/media-template.php HTTP/1.1" 200 - "-" "Mozilla/5.0 AppleWebKit/537.36 (KHTML, like Gecko; compatible; ClaudeBot/1.0; +claudebot@anthropic.com)"
216.73.217.6 - - [14/May/2026:18:36:06 +0300] "GET /wp-includes/class-wp-theme-json-resolver.php HTTP/1.1" 200 - "-" "Mozilla/5.0 AppleWebKit/537.36 (KHTML, like Gecko; compatible; ClaudeBot/1.0; +claudebot@anthropic.com)"
216.73.217.6 - - [14/May/2026:18:36:07 +0300] "GET /wp-includes/class-wp-http-response.php HTTP/1.1" 200 - "-" "Mozilla/5.0 AppleWebKit/537.36 (KHTML, like Gecko; compatible; ClaudeBot/1.0; +claudebot@anthropic.com)"
216.73.217.6 - - [14/May/2026:18:36:08 +0300] "GET /wp-includes/block-template-utils.php HTTP/1.1" 200 - "-" "Mozilla/5.0 AppleWebKit/537.36 (KHTML, like Gecko; compatible; ClaudeBot/1.0; +claudebot@anthropic.com)"
216.73.217.6 - - [14/May/2026:18:36:09 +0300] "GET /wp-includes/class-wp-widget.php HTTP/1.1" 200 - "-" "Mozilla/5.0 AppleWebKit/537.36 (KHTML, like Gecko; compatible; ClaudeBot/1.0; +claudebot@anthropic.com)"
216.73.217.6 - - [14/May/2026:18:36:10 +0300] "GET /wp-includes/sitemaps.php HTTP/1.1" 200 - "-" "Mozilla/5.0 AppleWebKit/537.36 (KHTML, like Gecko; compatible; ClaudeBot/1.0; +claudebot@anthropic.com)"
216.73.217.6 - - [14/May/2026:18:36:11 +0300] "GET /wp-includes/feed-rss2.php HTTP/1.1" 500 - "-" "Mozilla/5.0 AppleWebKit/537.36 (KHTML, like Gecko; compatible; ClaudeBot/1.0; +claudebot@anthropic.com)"
216.73.217.6 - - [14/May/2026:18:36:12 +0300] "GET /wp-includes/Requests/ HTTP/1.1" 200 1025 "-" "Mozilla/5.0 AppleWebKit/537.36 (KHTML, like Gecko; compatible; ClaudeBot/1.0; +claudebot@anthropic.com)"
216.73.217.6 - - [14/May/2026:18:36:13 +0300] "GET /wp-includes/class-wp-block-parser.php HTTP/1.1" 200 - "-" "Mozilla/5.0 AppleWebKit/537.36 (KHTML, like Gecko; compatible; ClaudeBot/1.0; +claudebot@anthropic.com)"
216.73.217.6 - - [14/May/2026:18:36:13 +0300] "GET /wp-includes/Text/ HTTP/1.1" 200 1199 "-" "Mozilla/5.0 AppleWebKit/537.36 (KHTML, like Gecko; compatible; ClaudeBot/1.0; +claudebot@anthropic.com)"
216.73.217.6 - - [14/May/2026:18:36:15 +0300] "GET /wp-includes/class-wp-hook.php HTTP/1.1" 200 - "-" "Mozilla/5.0 AppleWebKit/537.36 (KHTML, like Gecko; compatible; ClaudeBot/1.0; +claudebot@anthropic.com)"
216.73.217.6 - - [14/May/2026:18:36:15 +0300] "GET /wp-includes/default-constants.php HTTP/1.1" 200 - "-" "Mozilla/5.0 AppleWebKit/537.36 (KHTML, like Gecko; compatible; ClaudeBot/1.0; +claudebot@anthropic.com)"
216.73.217.6 - - [14/May/2026:18:36:16 +0300] "GET /wp-includes/class-wp-network.php HTTP/1.1" 404 51378 "-" "Mozilla/5.0 AppleWebKit/537.36 (KHTML, like Gecko; compatible; ClaudeBot/1.0; +claudebot@anthropic.com)"
216.73.217.6 - - [14/May/2026:18:36:18 +0300] "GET /wp-includes/class-phpass.php HTTP/1.1" 404 51378 "-" "Mozilla/5.0 AppleWebKit/537.36 (KHTML, like Gecko; compatible; ClaudeBot/1.0; +claudebot@anthropic.com)"
216.73.217.6 - - [14/May/2026:18:36:20 +0300] "GET /wp-includes/class-wp-block-metadata-registry.php HTTP/1.1" 404 51378 "-" "Mozilla/5.0 AppleWebKit/537.36 (KHTML, like Gecko; compatible; ClaudeBot/1.0; +claudebot@anthropic.com)"
216.73.217.6 - - [14/May/2026:18:36:29 +0300] "GET /wp-includes/block-supports/ HTTP/1.1" 404 51378 "-" "Mozilla/5.0 AppleWebKit/537.36 (KHTML, like Gecko; compatible; ClaudeBot/1.0; +claudebot@anthropic.com)"
216.73.217.6 - - [14/May/2026:18:36:32 +0300] "GET /wp-includes/class-wp-customize-nav-menus.php HTTP/1.1" 404 51378 "-" "Mozilla/5.0 AppleWebKit/537.36 (KHTML, like Gecko; compatible; ClaudeBot/1.0; +claudebot@anthropic.com)"
216.73.217.6 - - [14/May/2026:18:36:33 +0300] "GET /wp-includes/class-wp-block-pattern-categories-registry.php HTTP/1.1" 404 51378 "-" "Mozilla/5.0 AppleWebKit/537.36 (KHTML, like Gecko; compatible; ClaudeBot/1.0; +claudebot@anthropic.com)"
216.73.217.6 - - [14/May/2026:18:36:35 +0300] "GET /wp-includes/l10n/ HTTP/1.1" 404 51378 "-" "Mozilla/5.0 AppleWebKit/537.36 (KHTML, like Gecko; compatible; ClaudeBot/1.0; +claudebot@anthropic.com)"
216.73.217.6 - - [14/May/2026:18:36:37 +0300] "GET /wp-includes/class-wp-locale-switcher.php HTTP/1.1" 404 51378 "-" "Mozilla/5.0 AppleWebKit/537.36 (KHTML, like Gecko; compatible; ClaudeBot/1.0; +claudebot@anthropic.com)"
216.73.217.6 - - [14/May/2026:18:36:39 +0300] "GET /wp-includes/class-wp-session-tokens.php HTTP/1.1" 404 51378 "-" "Mozilla/5.0 AppleWebKit/537.36 (KHTML, like Gecko; compatible; ClaudeBot/1.0; +claudebot@anthropic.com)"
216.73.217.6 - - [14/May/2026:18:36:40 +0300] "GET /wp-includes/class-wp-ajax-response.php HTTP/1.1" 404 51378 "-" "Mozilla/5.0 AppleWebKit/537.36 (KHTML, like Gecko; compatible; ClaudeBot/1.0; +claudebot@anthropic.com)"
216.73.217.6 - - [14/May/2026:18:36:42 +0300] "GET /wp-includes/theme-i18n.json HTTP/1.1" 404 51378 "-" "Mozilla/5.0 AppleWebKit/537.36 (KHTML, like Gecko; compatible; ClaudeBot/1.0; +claudebot@anthropic.com)"
216.73.217.6 - - [14/May/2026:18:36:44 +0300] "GET /wp-includes/?C=S&O=A HTTP/1.1" 404 51378 "-" "Mozilla/5.0 AppleWebKit/537.36 (KHTML, like Gecko; compatible; ClaudeBot/1.0; +claudebot@anthropic.com)"
216.73.217.6 - - [14/May/2026:18:36:45 +0300] "GET /wp-includes/?C=D&O=A HTTP/1.1" 404 51378 "-" "Mozilla/5.0 AppleWebKit/537.36 (KHTML, like Gecko; compatible; ClaudeBot/1.0; +claudebot@anthropic.com)"
216.73.217.6 - - [14/May/2026:18:36:47 +0300] "GET /wp-includes/?C=M&O=A HTTP/1.1" 404 51378 "-" "Mozilla/5.0 AppleWebKit/537.36 (KHTML, like Gecko; compatible; ClaudeBot/1.0; +claudebot@anthropic.com)"
216.73.217.6 - - [14/May/2026:18:36:49 +0300] "GET /wp-includes/?C=N&O=D HTTP/1.1" 404 51378 "-" "Mozilla/5.0 AppleWebKit/537.36 (KHTML, like Gecko; compatible; ClaudeBot/1.0; +claudebot@anthropic.com)"
216.73.217.6 - - [14/May/2026:18:36:51 +0300] "GET /wp-includes/images/ HTTP/1.1" 404 51378 "-" "Mozilla/5.0 AppleWebKit/537.36 (KHTML, like Gecko; compatible; ClaudeBot/1.0; +claudebot@anthropic.com)"
216.73.217.6 - - [14/May/2026:18:36:52 +0300] "GET /wp-includes/certificates/ HTTP/1.1" 404 51378 "-" "Mozilla/5.0 AppleWebKit/537.36 (KHTML, like Gecko; compatible; ClaudeBot/1.0; +claudebot@anthropic.com)"
216.73.217.6 - - [14/May/2026:18:36:54 +0300] "GET /wp-includes/class-wp-block-patterns-registry.php HTTP/1.1" 404 51378 "-" "Mozilla/5.0 AppleWebKit/537.36 (KHTML, like Gecko; compatible; ClaudeBot/1.0; +claudebot@anthropic.com)"
216.73.217.6 - - [14/May/2026:18:36:57 +0300] "GET /wp-includes/class-wp-block-type-registry.php HTTP/1.1" 200 - "-" "Mozilla/5.0 AppleWebKit/537.36 (KHTML, like Gecko; compatible; ClaudeBot/1.0; +claudebot@anthropic.com)"
